Last updated on 2025-05-14 02:50:30 CEST.
Flavor | Version | Tinstall | Tcheck | Ttotal | Status | Flags |
---|---|---|---|---|---|---|
r-devel-linux-x86_64-debian-clang | 0.99.1 | 32.04 | 489.20 | 521.24 | NOTE | |
r-devel-linux-x86_64-debian-gcc | 0.99.1 | 22.01 | 389.36 | 411.37 | NOTE | |
r-devel-linux-x86_64-fedora-clang | 0.99.1 | 789.27 | OK | |||
r-devel-linux-x86_64-fedora-gcc | 0.99.1 | 780.77 | OK | |||
r-devel-windows-x86_64 | 0.99.1 | 32.00 | 421.00 | 453.00 | NOTE | |
r-patched-linux-x86_64 | 0.99.1 | 31.47 | 468.95 | 500.42 | NOTE | |
r-release-linux-x86_64 | 0.99.1 | 28.36 | 472.83 | 501.19 | NOTE | |
r-release-macos-arm64 | 0.99.1 | 231.00 | OK | |||
r-release-macos-x86_64 | 0.99.1 | 427.00 | OK | |||
r-release-windows-x86_64 | 0.99.1 | 32.00 | 405.00 | 437.00 | NOTE | |
r-oldrel-macos-arm64 | 0.99.1 | 219.00 | OK | |||
r-oldrel-macos-x86_64 | 0.99.1 | 322.00 | OK | |||
r-oldrel-windows-x86_64 | 0.99.1 | 42.00 | 559.00 | 601.00 | OK |
Version: 0.99.1
Check: Rd cross-references
Result: NOTE
Found the following Rd file(s) with Rd \link{} targets missing package
anchors:
VSOLassoBag.Rd: coxph
Please provide package anchors for all Rd \link{} targets not in the
package itself and the base packages.
Flavors: r-devel-linux-x86_64-debian-clang, r-devel-linux-x86_64-debian-gcc, r-devel-windows-x86_64, r-patched-linux-x86_64, r-release-linux-x86_64, r-release-windows-x86_64