Last updated on 2025-05-14 02:50:07 CEST.
Flavor | Version | Tinstall | Tcheck | Ttotal | Status | Flags |
---|---|---|---|---|---|---|
r-devel-linux-x86_64-debian-clang | 1.5-10 | 21.23 | 100.89 | 122.12 | NOTE | |
r-devel-linux-x86_64-debian-gcc | 1.5-10 | 15.50 | 71.06 | 86.56 | NOTE | |
r-devel-linux-x86_64-fedora-clang | 1.5-10 | 186.79 | OK | |||
r-devel-linux-x86_64-fedora-gcc | 1.5-10 | 185.79 | OK | |||
r-devel-windows-x86_64 | 1.5-10 | 28.00 | 112.00 | 140.00 | NOTE | |
r-patched-linux-x86_64 | 1.5-10 | 22.27 | 95.02 | 117.29 | NOTE | |
r-release-linux-x86_64 | 1.5-10 | 21.72 | 94.86 | 116.58 | NOTE | |
r-release-macos-arm64 | 1.5-10 | 58.00 | OK | |||
r-release-macos-x86_64 | 1.5-10 | 125.00 | OK | |||
r-release-windows-x86_64 | 1.5-10 | 29.00 | 112.00 | 141.00 | NOTE | |
r-oldrel-macos-arm64 | 1.5-10 | 53.00 | OK | |||
r-oldrel-macos-x86_64 | 1.5-10 | 94.00 | OK | |||
r-oldrel-windows-x86_64 | 1.5-10 | 34.00 | 139.00 | 173.00 | OK |
Version: 1.5-10
Check: Rd cross-references
Result: NOTE
Found the following Rd file(s) with Rd \link{} targets missing package
anchors:
kdfun.Rd: divc
krfun.Rd: divc
Please provide package anchors for all Rd \link{} targets not in the
package itself and the base packages.
Flavors: r-devel-linux-x86_64-debian-clang, r-devel-linux-x86_64-debian-gcc, r-devel-windows-x86_64, r-patched-linux-x86_64, r-release-linux-x86_64, r-release-windows-x86_64