Last updated on 2025-05-14 02:50:07 CEST.
Flavor | Version | Tinstall | Tcheck | Ttotal | Status | Flags |
---|---|---|---|---|---|---|
r-devel-linux-x86_64-debian-clang | 1.1 | 19.32 | 28.17 | 47.49 | NOTE | |
r-devel-linux-x86_64-debian-gcc | 1.1 | 13.98 | 21.75 | 35.73 | NOTE | |
r-devel-linux-x86_64-fedora-clang | 1.1 | 85.41 | NOTE | |||
r-devel-linux-x86_64-fedora-gcc | 1.1 | 81.44 | NOTE | |||
r-devel-windows-x86_64 | 1.1 | 23.00 | 66.00 | 89.00 | NOTE | |
r-patched-linux-x86_64 | 1.1 | 20.42 | 27.18 | 47.60 | NOTE | |
r-release-linux-x86_64 | 1.1 | 21.82 | 27.04 | 48.86 | NOTE | |
r-release-macos-arm64 | 1.1 | 29.00 | NOTE | |||
r-release-macos-x86_64 | 1.1 | 56.00 | NOTE | |||
r-release-windows-x86_64 | 1.1 | 24.00 | 69.00 | 93.00 | NOTE | |
r-oldrel-macos-arm64 | 1.1 | 28.00 | NOTE | |||
r-oldrel-macos-x86_64 | 1.1 | 35.00 | NOTE | |||
r-oldrel-windows-x86_64 | 1.1 | 29.00 | 80.00 | 109.00 | NOTE |
Version: 1.1
Check: C++ specification
Result: NOTE
Specified C++11: please drop specification unless essential
Flavors: r-devel-linux-x86_64-debian-clang, r-devel-linux-x86_64-debian-gcc, r-devel-linux-x86_64-fedora-clang, r-devel-linux-x86_64-fedora-gcc, r-devel-windows-x86_64, r-patched-linux-x86_64, r-release-linux-x86_64, r-release-macos-arm64, r-release-macos-x86_64, r-release-windows-x86_64, r-oldrel-macos-arm64, r-oldrel-macos-x86_64, r-oldrel-windows-x86_64