Last updated on 2025-05-14 02:50:07 CEST.
Flavor | Version | Tinstall | Tcheck | Ttotal | Status | Flags |
---|---|---|---|---|---|---|
r-devel-linux-x86_64-debian-clang | 1.10.0 | 3.40 | 36.95 | 40.35 | NOTE | |
r-devel-linux-x86_64-debian-gcc | 1.11.0 | 3.22 | 28.58 | 31.80 | OK | |
r-devel-linux-x86_64-fedora-clang | 1.11.0 | 68.76 | OK | |||
r-devel-linux-x86_64-fedora-gcc | 1.11.0 | 64.46 | OK | |||
r-devel-windows-x86_64 | 1.11.0 | 10.00 | 84.00 | 94.00 | OK | |
r-patched-linux-x86_64 | 1.10.0 | 5.09 | 33.54 | 38.63 | OK | |
r-release-linux-x86_64 | 1.10.0 | 3.83 | 33.87 | 37.70 | OK | |
r-release-macos-arm64 | 1.11.0 | 43.00 | OK | |||
r-release-macos-x86_64 | 1.11.0 | 58.00 | OK | |||
r-release-windows-x86_64 | 1.11.0 | 10.00 | 85.00 | 95.00 | OK | |
r-oldrel-macos-arm64 | 1.11.0 | 38.00 | OK | |||
r-oldrel-macos-x86_64 | 1.11.0 | 58.00 | OK | |||
r-oldrel-windows-x86_64 | 1.10.0 | 12.00 | 80.00 | 92.00 | OK |
Version: 1.10.0
Check: DESCRIPTION meta-information
Result: NOTE
Author field differs from that derived from Authors@R
Author: ‘Nicolas Frerebeau [aut, cre] (<https://orcid.org/0000-0001-5759-4944>), Brice Lebrun [art] (<https://orcid.org/0000-0001-7503-8685>, Logo designer), Université Bordeaux Montaigne [fnd] (03pbgwk21), CNRS [fnd] (02feahw73)’
Authors@R: ‘Nicolas Frerebeau [aut, cre] (ORCID: <https://orcid.org/0000-0001-5759-4944>), Brice Lebrun [art] (ORCID: <https://orcid.org/0000-0001-7503-8685>, Logo designer), Université Bordeaux Montaigne [fnd] (ROR: <https://ror.org/03pbgwk21>), CNRS [fnd] (ROR: <https://ror.org/02feahw73>)’
Flavor: r-devel-linux-x86_64-debian-clang