Last updated on 2025-05-14 02:50:08 CEST.
Flavor | Version | Tinstall | Tcheck | Ttotal | Status | Flags |
---|---|---|---|---|---|---|
r-devel-linux-x86_64-debian-clang | 0.0.3 | 333.30 | 152.53 | 485.83 | NOTE | |
r-devel-linux-x86_64-debian-gcc | 0.0.3 | 335.64 | 134.03 | 469.67 | NOTE | |
r-devel-linux-x86_64-fedora-clang | 0.0.3 | 767.37 | NOTE | |||
r-devel-linux-x86_64-fedora-gcc | 0.0.3 | 1124.64 | NOTE | |||
r-devel-windows-x86_64 | 0.0.3 | 398.00 | 199.00 | 597.00 | NOTE | |
r-patched-linux-x86_64 | 0.0.3 | 419.81 | 181.41 | 601.22 | NOTE | |
r-release-linux-x86_64 | 0.0.3 | 418.16 | 178.89 | 597.05 | NOTE | |
r-release-macos-arm64 | 0.0.3 | 219.00 | OK | |||
r-release-macos-x86_64 | 0.0.3 | 293.00 | OK | |||
r-release-windows-x86_64 | 0.0.3 | 375.00 | 201.00 | 576.00 | NOTE | |
r-oldrel-macos-arm64 | 0.0.3 | 113.00 | NOTE | |||
r-oldrel-macos-x86_64 | 0.0.3 | 133.00 | NOTE | |||
r-oldrel-windows-x86_64 | 0.0.3 | 447.00 | 246.00 | 693.00 | NOTE |
Version: 0.0.3
Check: Rd cross-references
Result: NOTE
Found the following Rd file(s) with Rd \link{} targets missing package
anchors:
fit_lgmr.Rd: stan_model
infer_data_and_decision_model.Rd: sampling, tibble
Please provide package anchors for all Rd \link{} targets not in the
package itself and the base packages.
Flavors: r-devel-linux-x86_64-debian-clang, r-devel-linux-x86_64-debian-gcc, r-devel-windows-x86_64, r-patched-linux-x86_64, r-release-linux-x86_64, r-release-windows-x86_64
Version: 0.0.3
Check: dependencies in R code
Result: NOTE
Namespaces in Imports field not imported from:
‘RcppParallel’ ‘rstantools’
All declared Imports should be used.
Flavors: r-devel-linux-x86_64-fedora-clang, r-devel-linux-x86_64-fedora-gcc
Version: 0.0.3
Check: installed package size
Result: NOTE
installed size is 95.4Mb
sub-directories of 1Mb or more:
data 1.2Mb
libs 93.5Mb
Flavors: r-oldrel-macos-arm64, r-oldrel-macos-x86_64, r-oldrel-windows-x86_64
Version: 0.0.3
Check: for GNU extensions in Makefiles
Result: NOTE
GNU make is a SystemRequirements.
Flavors: r-oldrel-macos-arm64, r-oldrel-macos-x86_64, r-oldrel-windows-x86_64