Last updated on 2025-05-13 03:50:26 CEST.
Flavor | Version | Tinstall | Tcheck | Ttotal | Status | Flags |
---|---|---|---|---|---|---|
r-devel-linux-x86_64-debian-clang | 0.2.2 | 7.50 | 60.44 | 67.94 | NOTE | |
r-devel-linux-x86_64-debian-gcc | 0.2.2 | 6.03 | 44.95 | 50.98 | NOTE | |
r-devel-linux-x86_64-fedora-clang | 0.2.2 | 107.21 | NOTE | |||
r-devel-linux-x86_64-fedora-gcc | 0.2.2 | 106.05 | NOTE | |||
r-devel-windows-x86_64 | 0.2.2 | 9.00 | 76.00 | 85.00 | NOTE | |
r-patched-linux-x86_64 | 0.2.2 | 7.12 | 58.05 | 65.17 | NOTE | |
r-release-linux-x86_64 | 0.2.2 | 8.04 | 58.46 | 66.50 | NOTE | |
r-release-macos-arm64 | 0.2.2 | 39.00 | NOTE | |||
r-release-macos-x86_64 | 0.2.2 | 61.00 | NOTE | |||
r-release-windows-x86_64 | 0.2.2 | 11.00 | 75.00 | 86.00 | NOTE | |
r-oldrel-macos-arm64 | 0.2.2 | 35.00 | NOTE | |||
r-oldrel-macos-x86_64 | 0.2.2 | 85.00 | NOTE | |||
r-oldrel-windows-x86_64 | 0.2.2 | 11.00 | 92.00 | 103.00 | NOTE |
Version: 0.2.2
Check: DESCRIPTION meta-information
Result: NOTE
Missing dependency on R >= 4.1.0 because package code uses the pipe
|> or function shorthand \(...) syntax added in R 4.1.0.
File(s) using such syntax:
‘poisson.ci.R’
Flavors: r-devel-linux-x86_64-debian-clang, r-devel-linux-x86_64-debian-gcc, r-devel-linux-x86_64-fedora-clang, r-devel-linux-x86_64-fedora-gcc, r-devel-windows-x86_64, r-patched-linux-x86_64, r-release-linux-x86_64, r-release-macos-arm64, r-release-macos-x86_64, r-release-windows-x86_64
Version: 0.2.2
Check: installed package size
Result: NOTE
installed size is 7.6Mb
sub-directories of 1Mb or more:
doc 7.0Mb
Flavors: r-oldrel-macos-arm64, r-oldrel-macos-x86_64, r-oldrel-windows-x86_64