Last updated on 2025-07-02 02:54:26 CEST.
Flavor | Version | Tinstall | Tcheck | Ttotal | Status | Flags |
---|---|---|---|---|---|---|
r-devel-linux-x86_64-debian-clang | 1.0.1 | 6.53 | 72.69 | 79.22 | OK | |
r-devel-linux-x86_64-debian-gcc | 1.0.1 | 4.42 | 51.16 | 55.58 | OK | |
r-devel-linux-x86_64-fedora-clang | 1.0.1 | 111.68 | OK | |||
r-devel-linux-x86_64-fedora-gcc | 1.0.1 | 107.06 | OK | |||
r-devel-windows-x86_64 | 1.0.1 | 7.00 | 74.00 | 81.00 | OK | |
r-patched-linux-x86_64 | OK | |||||
r-release-linux-x86_64 | 1.0.1 | 6.30 | 61.05 | 67.35 | OK | |
r-release-macos-arm64 | 1.0.1 | 51.00 | OK | |||
r-release-macos-x86_64 | 1.0.1 | 68.00 | OK | |||
r-release-windows-x86_64 | 1.0.1 | 7.00 | 74.00 | 81.00 | OK | |
r-oldrel-macos-arm64 | 1.0.1 | 34.00 | NOTE | |||
r-oldrel-macos-x86_64 | 1.0.1 | 62.00 | NOTE | |||
r-oldrel-windows-x86_64 | 1.0.1 | 9.00 | 88.00 | 97.00 | NOTE |
Version: 1.0.1
Check: LazyData
Result: NOTE
'LazyData' is specified without a 'data' directory
Flavors: r-oldrel-macos-arm64, r-oldrel-macos-x86_64, r-oldrel-windows-x86_64