CRAN Package Check Results for Package blink

Last updated on 2025-05-14 02:50:08 CEST.

Flavor Version Tinstall Tcheck Ttotal Status Flags
r-devel-linux-x86_64-debian-clang 1.1.0 2.13 34.50 36.63 NOTE
r-devel-linux-x86_64-debian-gcc 1.1.0 2.09 26.20 28.29 NOTE
r-devel-linux-x86_64-fedora-clang 1.1.0 61.45 NOTE
r-devel-linux-x86_64-fedora-gcc 1.1.0 72.66 NOTE
r-devel-windows-x86_64 1.1.0 4.00 53.00 57.00 NOTE
r-patched-linux-x86_64 1.1.0 2.89 33.85 36.74 NOTE
r-release-linux-x86_64 1.1.0 2.75 33.00 35.75 NOTE
r-release-macos-arm64 1.1.0 28.00 NOTE
r-release-macos-x86_64 1.1.0 50.00 NOTE
r-release-windows-x86_64 1.1.0 4.00 53.00 57.00 NOTE
r-oldrel-macos-arm64 1.1.0 32.00 NOTE
r-oldrel-macos-x86_64 1.1.0 47.00 NOTE
r-oldrel-windows-x86_64 1.1.0 3.00 61.00 64.00 NOTE

Check Details

Version: 1.1.0
Check: Rd files
Result: NOTE checkRd: (-1) RLdata500.Rd:8: Lost braces 8 | A data frame with five variables: \code{fname_c1},\code{lname_c1}, \code{by}, code{bm}, \code{bd}. | ^ checkRd: (-1) identity.RLdata500.Rd:15: Lost braces 15 | format A vector that contains the code{id} | ^ Flavors: r-devel-linux-x86_64-debian-clang, r-devel-linux-x86_64-debian-gcc, r-devel-linux-x86_64-fedora-clang, r-devel-linux-x86_64-fedora-gcc, r-devel-windows-x86_64, r-patched-linux-x86_64, r-release-linux-x86_64, r-release-macos-arm64, r-release-macos-x86_64, r-release-windows-x86_64, r-oldrel-macos-arm64, r-oldrel-macos-x86_64, r-oldrel-windows-x86_64