Last updated on 2025-05-14 02:50:08 CEST.
Flavor | Version | Tinstall | Tcheck | Ttotal | Status | Flags |
---|---|---|---|---|---|---|
r-devel-linux-x86_64-debian-clang | 2.0.0 | 1204.81 | 178.61 | 1383.42 | NOTE | |
r-devel-linux-x86_64-debian-gcc | 2.0.0 | 1045.97 | 197.56 | 1243.53 | NOTE | |
r-devel-linux-x86_64-fedora-clang | 2.0.0 | 1926.27 | NOTE | |||
r-devel-linux-x86_64-fedora-gcc | 2.0.0 | 3113.50 | NOTE | |||
r-devel-windows-x86_64 | 2.0.0 | 1159.00 | 280.00 | 1439.00 | NOTE | |
r-patched-linux-x86_64 | 2.0.0 | 1367.20 | 266.64 | 1633.84 | NOTE | |
r-release-linux-x86_64 | 2.0.0 | 1372.18 | 268.23 | 1640.41 | NOTE | |
r-release-macos-arm64 | 2.0.0 | 565.00 | NOTE | |||
r-release-macos-x86_64 | 2.0.0 | 625.00 | NOTE | |||
r-release-windows-x86_64 | 2.0.0 | 1143.00 | 271.00 | 1414.00 | NOTE | |
r-oldrel-macos-arm64 | 2.0.0 | 283.00 | NOTE | |||
r-oldrel-macos-x86_64 | 2.0.0 | 254.00 | NOTE | |||
r-oldrel-windows-x86_64 | 2.0.0 | 1369.00 | 343.00 | 1712.00 | NOTE |
Version: 2.0.0
Check: Rd files
Result: NOTE
checkRd: (-1) dot-pred_array_to_df.Rd:20: Lost braces; missing escapes or markup?
20 | Helper function for as.data.frame.{fitted, forecast}. Converts predictive array to data.frame.
| ^
Flavors: r-devel-linux-x86_64-debian-clang, r-devel-linux-x86_64-debian-gcc, r-devel-linux-x86_64-fedora-clang, r-devel-linux-x86_64-fedora-gcc, r-devel-windows-x86_64, r-patched-linux-x86_64, r-release-linux-x86_64, r-release-macos-arm64, r-release-macos-x86_64, r-release-windows-x86_64, r-oldrel-macos-arm64, r-oldrel-macos-x86_64, r-oldrel-windows-x86_64
Version: 2.0.0
Check: installed package size
Result: NOTE
installed size is 189.6Mb
sub-directories of 1Mb or more:
libs 188.8Mb
Flavors: r-oldrel-macos-arm64, r-oldrel-macos-x86_64, r-oldrel-windows-x86_64
Version: 2.0.0
Check: for GNU extensions in Makefiles
Result: NOTE
GNU make is a SystemRequirements.
Flavors: r-oldrel-macos-arm64, r-oldrel-macos-x86_64, r-oldrel-windows-x86_64