CRAN Package Check Results for Package bravo

Last updated on 2025-05-14 02:50:08 CEST.

Flavor Version Tinstall Tcheck Ttotal Status Flags
r-devel-linux-x86_64-debian-clang 3.2.2 17.87 70.02 87.89 OK
r-devel-linux-x86_64-debian-gcc 3.2.2 12.10 47.78 59.88 OK
r-devel-linux-x86_64-fedora-clang 3.2.2 136.65 OK
r-devel-linux-x86_64-fedora-gcc 3.2.2 134.43 OK
r-devel-windows-x86_64 3.2.2 19.00 94.00 113.00 OK
r-patched-linux-x86_64 3.2.2 17.42 66.02 83.44 OK
r-release-linux-x86_64 3.2.2 17.16 65.21 82.37 OK
r-release-macos-arm64 3.2.2 42.00 OK
r-release-macos-x86_64 3.2.2 69.00 OK
r-release-windows-x86_64 3.2.2 20.00 0.00 20.00 FAIL
r-oldrel-macos-arm64 3.2.2 40.00 OK
r-oldrel-macos-x86_64 3.2.2 91.00 OK
r-oldrel-windows-x86_64 3.2.2 25.00 114.00 139.00 OK

Check Details

Version: 3.2.2
Check: PDF version of manual
Result: FAIL Check process probably crashed or hung up for 20 minutes ... killed Most likely this happened in the example checks (?), if not, ignore the following last lines of example output: > > flush(stderr()); flush(stdout()) > > ### Name: sven > ### Title: Selection of variables with embedded screening using Bayesian > ### methods (SVEN) in Gaussian linear models (ultra-high, high or low > ### dimensional). > ### Aliases: sven > > ### ** Examples > > > > > > ### * <FOOTER> > ### > cleanEx() > options(digits = 7L) > base::cat("Time elapsed: ", proc.time() - base::get("ptime", pos = 'CheckExEnv'),"\n") Time elapsed: 6.08 0.38 6.47 NA NA > grDevices::dev.off() null device 1 > ### > ### Local variables: *** > ### mode: outline-minor *** > ### outline-regexp: "\\(> \\)?### [*]+" *** > ### End: *** > quit('no') ======== End of example output (where/before crash/hang up occured ?) ======== Flavor: r-release-windows-x86_64