Last updated on 2025-05-14 02:50:08 CEST.
Flavor | Version | Tinstall | Tcheck | Ttotal | Status | Flags |
---|---|---|---|---|---|---|
r-devel-linux-x86_64-debian-clang | 1.1.1 | 35.60 | 430.22 | 465.82 | NOTE | |
r-devel-linux-x86_64-debian-gcc | 1.1.1 | 27.11 | 277.41 | 304.52 | NOTE | |
r-devel-linux-x86_64-fedora-clang | 1.1.1 | 724.21 | NOTE | |||
r-devel-linux-x86_64-fedora-gcc | 1.1.1 | 795.15 | NOTE | |||
r-devel-windows-x86_64 | 1.1.1 | 30.00 | 342.00 | 372.00 | NOTE | |
r-patched-linux-x86_64 | 1.1.1 | 40.15 | 401.27 | 441.42 | NOTE | |
r-release-linux-x86_64 | 1.1.1 | 37.14 | 400.55 | 437.69 | NOTE | |
r-release-macos-arm64 | 1.1.1 | 194.00 | NOTE | |||
r-release-macos-x86_64 | 1.1.1 | 432.00 | NOTE | |||
r-release-windows-x86_64 | 1.1.1 | 30.00 | 353.00 | 383.00 | NOTE | |
r-oldrel-macos-arm64 | 1.1.1 | 140.00 | OK | |||
r-oldrel-macos-x86_64 | 1.1.1 | 310.00 | OK | |||
r-oldrel-windows-x86_64 | 1.1.1 | 42.00 | 521.00 | 563.00 | OK |
Version: 1.1.1
Check: DESCRIPTION meta-information
Result: NOTE
Missing dependency on R >= 4.1.0 because package code uses the pipe
|> or function shorthand \(...) syntax added in R 4.1.0.
File(s) using such syntax:
‘brm_archetype_average_cells.Rd’ ‘brm_archetype_average_effects.Rd’
‘brm_archetype_cells.Rd’ ‘brm_archetype_effects.Rd’
‘brm_archetype_successive_cells.Rd’
‘brm_archetype_successive_effects.Rd’ ‘brm_formula.Rd’
‘brm_prior_archetype.Rd’ ‘brm_prior_label.Rd’ ‘brm_prior_template.Rd’
‘brm_recenter_nuisance.Rd’ ‘summary.brms_mmrm_archetype.Rd’
‘utils_archetype.R’
Flavors: r-devel-linux-x86_64-debian-clang, r-devel-linux-x86_64-debian-gcc, r-devel-linux-x86_64-fedora-clang, r-devel-linux-x86_64-fedora-gcc, r-devel-windows-x86_64, r-patched-linux-x86_64, r-release-linux-x86_64, r-release-macos-arm64, r-release-windows-x86_64
Version: 1.1.1
Check: DESCRIPTION meta-information
Result: NOTE
Missing dependency on R >= 4.1.0 because package code uses the pipe
|> or function shorthand \(...) syntax added in R 4.1.0.
File(s) using such syntax:
‘utils_archetype.R’
Flavor: r-release-macos-x86_64