CRAN Package Check Results for Package cacIRT

Last updated on 2025-05-14 02:50:09 CEST.

Flavor Version Tinstall Tcheck Ttotal Status Flags
r-devel-linux-x86_64-debian-clang 1.4 2.20 21.57 23.77 NOTE
r-devel-linux-x86_64-debian-gcc 1.4 1.74 16.93 18.67 NOTE
r-devel-linux-x86_64-fedora-clang 1.4 38.30 OK
r-devel-linux-x86_64-fedora-gcc 1.4 36.03 OK
r-devel-windows-x86_64 1.4 3.00 42.00 45.00 OK
r-patched-linux-x86_64 1.4 2.61 20.61 23.22 OK
r-release-linux-x86_64 1.4 2.36 20.48 22.84 OK
r-release-macos-arm64 1.4 17.00 OK
r-release-macos-x86_64 1.4 27.00 OK
r-release-windows-x86_64 1.4 5.00 51.00 56.00 OK
r-oldrel-macos-arm64 1.4 20.00 OK
r-oldrel-macos-x86_64 1.4 22.00 OK
r-oldrel-windows-x86_64 1.4 3.00 44.00 47.00 OK

Check Details

Version: 1.4
Check: CRAN incoming feasibility
Result: NOTE Maintainer: ‘Quinn N. Lathrop <quinn.lathrop@gmail.com>’ No Authors@R field in DESCRIPTION. Please add one, modifying Authors@R: person(given = c("Quinn", "N."), family = "Lathrop", role = c("aut", "cre"), email = "quinn.lathrop@gmail.com") as necessary. Flavors: r-devel-linux-x86_64-debian-clang, r-devel-linux-x86_64-debian-gcc