Last updated on 2025-05-14 02:50:09 CEST.
Flavor | Version | Tinstall | Tcheck | Ttotal | Status | Flags |
---|---|---|---|---|---|---|
r-devel-linux-x86_64-debian-clang | 2.0.0 | 12.07 | 29.40 | 41.47 | OK | |
r-devel-linux-x86_64-debian-gcc | 2.0.0 | 10.26 | 22.50 | 32.76 | OK | |
r-devel-linux-x86_64-fedora-clang | 2.0.0 | 63.27 | NOTE | |||
r-devel-linux-x86_64-fedora-gcc | 2.0.0 | 62.20 | NOTE | |||
r-devel-windows-x86_64 | 2.0.0 | 15.00 | 55.00 | 70.00 | OK | |
r-patched-linux-x86_64 | 2.0.0 | 11.70 | 28.26 | 39.96 | OK | |
r-release-linux-x86_64 | 2.0.0 | 12.12 | 28.28 | 40.40 | OK | |
r-release-macos-arm64 | 2.0.0 | 29.00 | OK | |||
r-release-macos-x86_64 | 2.0.0 | 73.00 | OK | |||
r-release-windows-x86_64 | 2.0.0 | 14.00 | 58.00 | 72.00 | OK | |
r-oldrel-macos-arm64 | 2.0.0 | 29.00 | OK | |||
r-oldrel-macos-x86_64 | 2.0.0 | 41.00 | OK | |||
r-oldrel-windows-x86_64 | 2.0.0 | 17.00 | 66.00 | 83.00 | OK |
Version: 2.0.0
Check: dependencies in R code
Result: NOTE
Namespace in Imports field not imported from: ‘sf’
All declared Imports should be used.
Flavors: r-devel-linux-x86_64-fedora-clang, r-devel-linux-x86_64-fedora-gcc