Last updated on 2025-05-14 02:50:09 CEST.
Flavor | Version | Tinstall | Tcheck | Ttotal | Status | Flags |
---|---|---|---|---|---|---|
r-devel-linux-x86_64-debian-clang | 7.0-1 | 37.20 | 381.09 | 418.29 | OK | |
r-devel-linux-x86_64-debian-gcc | 7.0-1 | 23.91 | 240.44 | 264.35 | OK | |
r-devel-linux-x86_64-fedora-clang | 7.0-1 | 645.92 | OK | |||
r-devel-linux-x86_64-fedora-gcc | 7.0-1 | 675.17 | OK | |||
r-devel-windows-x86_64 | 7.0-1 | 36.00 | 338.00 | 374.00 | OK | --no-vignettes |
r-patched-linux-x86_64 | 7.0-1 | 40.13 | 348.96 | 389.09 | OK | |
r-release-linux-x86_64 | 7.0-1 | 33.63 | 354.74 | 388.37 | OK | |
r-release-macos-arm64 | 7.0-1 | 152.00 | OK | |||
r-release-macos-x86_64 | 7.0-1 | 317.00 | ERROR | |||
r-release-windows-x86_64 | 7.0-1 | 37.00 | 340.00 | 377.00 | OK | --no-vignettes |
r-oldrel-macos-arm64 | 7.0-1 | 145.00 | OK | |||
r-oldrel-macos-x86_64 | 7.0-1 | 418.00 | OK | |||
r-oldrel-windows-x86_64 | 7.0-1 | 52.00 | 391.00 | 443.00 | OK | --no-vignettes |
Version: 7.0-1
Check: re-building of vignette outputs
Result: ERROR
Error(s) in re-building vignettes:
--- re-building ‘caret.Rmd’ using rmarkdown
Quitting from lines 11-41 [loadLibs] (caret.Rmd)
Error: processing vignette 'caret.Rmd' failed with diagnostics:
there is no package called 'klaR'
--- failed re-building ‘caret.Rmd’
SUMMARY: processing the following file failed:
‘caret.Rmd’
Error: Vignette re-building failed.
Execution halted
Flavor: r-release-macos-x86_64