Last updated on 2025-05-14 02:50:09 CEST.
Flavor | Version | Tinstall | Tcheck | Ttotal | Status | Flags |
---|---|---|---|---|---|---|
r-devel-linux-x86_64-debian-clang | 0.1.0 | 3.83 | 42.63 | 46.46 | OK | |
r-devel-linux-x86_64-debian-gcc | 0.2.0 | 2.80 | 37.02 | 39.82 | OK | |
r-devel-linux-x86_64-fedora-clang | 0.2.0 | 91.02 | OK | |||
r-devel-linux-x86_64-fedora-gcc | 0.2.0 | 100.14 | OK | |||
r-devel-windows-x86_64 | 0.2.0 | 10.00 | 83.00 | 93.00 | OK | |
r-patched-linux-x86_64 | 0.1.0 | 3.52 | 39.70 | 43.22 | OK | |
r-release-linux-x86_64 | 0.1.0 | 3.01 | 39.49 | 42.50 | OK | |
r-release-macos-arm64 | 0.2.0 | 38.00 | OK | |||
r-release-macos-x86_64 | 0.2.0 | 95.00 | OK | |||
r-release-windows-x86_64 | 0.2.0 | 9.00 | 87.00 | 96.00 | OK | |
r-oldrel-macos-arm64 | 0.2.0 | 36.00 | NOTE | |||
r-oldrel-macos-x86_64 | 0.2.0 | 65.00 | NOTE | |||
r-oldrel-windows-x86_64 | 0.1.0 | 6.00 | 75.00 | 81.00 | OK |
Version: 0.2.0
Check: installed package size
Result: NOTE
installed size is 7.0Mb
sub-directories of 1Mb or more:
doc 3.7Mb
htmlwidgets 2.8Mb
Flavors: r-oldrel-macos-arm64, r-oldrel-macos-x86_64