CRAN Package Check Results for Package coefficientalpha

Last updated on 2025-05-14 02:50:09 CEST.

Flavor Version Tinstall Tcheck Ttotal Status Flags
r-devel-linux-x86_64-debian-clang 0.7.2 2.93 36.14 39.07 NOTE
r-devel-linux-x86_64-debian-gcc 0.7.2 2.42 26.74 29.16 NOTE
r-devel-linux-x86_64-fedora-clang 0.7.2 61.02 OK
r-devel-linux-x86_64-fedora-gcc 0.7.2 59.16 OK
r-devel-windows-x86_64 0.7.2 3.00 56.00 59.00 OK
r-patched-linux-x86_64 0.7.2 3.33 35.30 38.63 OK
r-release-linux-x86_64 0.7.2 3.32 35.45 38.77 OK
r-release-macos-arm64 0.7.2 26.00 OK
r-release-macos-x86_64 0.7.2 51.00 OK
r-release-windows-x86_64 0.7.2 6.00 55.00 61.00 OK
r-oldrel-macos-arm64 0.7.2 22.00 OK
r-oldrel-macos-x86_64 0.7.2 34.00 OK
r-oldrel-windows-x86_64 0.7.2 4.00 62.00 66.00 OK

Check Details

Version: 0.7.2
Check: CRAN incoming feasibility
Result: NOTE Maintainer: ‘Zhiyong Zhang <johnnyzhz@gmail.com>’ No Authors@R field in DESCRIPTION. Please add one, modifying Authors@R: c(person(given = "Zhiyong", family = "Zhang", role = c("aut", "cre"), email = "johnnyzhz@gmail.com"), person(given = "Ke-Hai", family = "Yuan", role = "aut")) as necessary. Flavors: r-devel-linux-x86_64-debian-clang, r-devel-linux-x86_64-debian-gcc