Last updated on 2025-05-14 02:50:10 CEST.
Flavor | Version | Tinstall | Tcheck | Ttotal | Status | Flags |
---|---|---|---|---|---|---|
r-devel-linux-x86_64-debian-clang | 1.5.2 | 151.52 | 241.96 | 393.48 | OK | |
r-devel-linux-x86_64-debian-gcc | 1.5.2 | 106.84 | 147.90 | 254.74 | OK | |
r-devel-windows-x86_64 | 1.5.2 | 169.00 | 217.00 | 386.00 | OK | |
r-patched-linux-x86_64 | 1.5.2 | 142.89 | 197.04 | 339.93 | OK | |
r-release-linux-x86_64 | 1.5.2 | 143.73 | 200.80 | 344.53 | OK | |
r-release-macos-arm64 | 1.5.2 | 149.00 | OK | |||
r-release-macos-x86_64 | 1.5.2 | 221.00 | OK | |||
r-release-windows-x86_64 | 1.5.2 | 168.00 | 214.00 | 382.00 | OK | |
r-oldrel-macos-arm64 | 1.5.2 | 150.00 | NOTE | |||
r-oldrel-macos-x86_64 | 1.5.2 | 175.00 | NOTE | |||
r-oldrel-windows-x86_64 | 1.5.2 | 208.00 | 277.00 | 485.00 | NOTE |
Version: 1.5.2
Check: package dependencies
Result: NOTE
Packages suggested but not available for checking:
'conosPanel', 'org.Mm.eg.db', 'p2data'
Flavor: r-oldrel-macos-arm64
Version: 1.5.2
Check: installed package size
Result: NOTE
installed size is 11.2Mb
sub-directories of 1Mb or more:
libs 9.4Mb
Flavors: r-oldrel-macos-arm64, r-oldrel-macos-x86_64
Version: 1.5.2
Check: package dependencies
Result: NOTE
Packages suggested but not available for checking: 'conosPanel', 'p2data'
Flavors: r-oldrel-macos-x86_64, r-oldrel-windows-x86_64