Last updated on 2025-05-14 02:50:10 CEST.
Flavor | Version | Tinstall | Tcheck | Ttotal | Status | Flags |
---|---|---|---|---|---|---|
r-devel-linux-x86_64-debian-clang | 1.2.3 | 16.52 | 85.65 | 102.17 | NOTE | |
r-devel-linux-x86_64-debian-gcc | 1.2.3 | 11.89 | 58.32 | 70.21 | NOTE | |
r-devel-linux-x86_64-fedora-clang | 1.2.4 | 168.52 | NOTE | |||
r-devel-linux-x86_64-fedora-gcc | 1.2.4 | 166.92 | NOTE | |||
r-devel-windows-x86_64 | 1.2.3 | 18.00 | 97.00 | 115.00 | OK | |
r-patched-linux-x86_64 | 1.2.3 | 15.99 | 81.26 | 97.25 | OK | |
r-release-linux-x86_64 | 1.2.3 | 14.99 | 81.72 | 96.71 | OK | |
r-release-macos-arm64 | 1.2.4 | 42.00 | OK | |||
r-release-macos-x86_64 | 1.2.3 | 87.00 | OK | |||
r-release-windows-x86_64 | 1.2.4 | 15.00 | 116.00 | 131.00 | OK | |
r-oldrel-macos-arm64 | 1.2.4 | 47.00 | OK | |||
r-oldrel-macos-x86_64 | 1.2.4 | 91.00 | OK | |||
r-oldrel-windows-x86_64 | 1.2.3 | 23.00 | 116.00 | 139.00 | OK |
Version: 1.2.3
Check: CRAN incoming feasibility
Result: NOTE
Maintainer: ‘Sandra De Iaco <sandra.deiaco@unisalento.it>’
Package has help file(s) containing later-stage \Sexpr{} expressions
but no 'build/stage23.rdb' file.
Flavors: r-devel-linux-x86_64-debian-clang, r-devel-linux-x86_64-debian-gcc
Version: 1.2.4
Check: dependencies in R code
Result: NOTE
Namespace in Imports field not imported from: ‘gstat’
All declared Imports should be used.
Flavors: r-devel-linux-x86_64-fedora-clang, r-devel-linux-x86_64-fedora-gcc