Last updated on 2025-07-01 02:52:20 CEST.
Flavor | Version | Tinstall | Tcheck | Ttotal | Status | Flags |
---|---|---|---|---|---|---|
r-devel-linux-x86_64-debian-clang | 0.5.2 | 5.73 | 155.89 | 161.62 | OK | |
r-devel-linux-x86_64-debian-gcc | 0.5.2 | 4.08 | 100.45 | 104.53 | ERROR | |
r-devel-linux-x86_64-fedora-clang | 0.5.2 | 244.30 | OK | |||
r-devel-linux-x86_64-fedora-gcc | 0.5.2 | 246.49 | OK | |||
r-devel-windows-x86_64 | 0.5.2 | 8.00 | 189.00 | 197.00 | OK | |
r-patched-linux-x86_64 | OK | |||||
r-release-linux-x86_64 | 0.5.2 | 5.27 | 147.31 | 152.58 | OK | |
r-release-macos-arm64 | 0.5.2 | 94.00 | OK | |||
r-release-macos-x86_64 | 0.5.2 | 190.00 | OK | |||
r-release-windows-x86_64 | 0.5.2 | 9.00 | 188.00 | 197.00 | OK | |
r-oldrel-macos-arm64 | 0.5.2 | 102.00 | OK | |||
r-oldrel-macos-x86_64 | 0.5.2 | 142.00 | OK | |||
r-oldrel-windows-x86_64 | 0.5.2 | 11.00 | 232.00 | 243.00 | OK |
Version: 0.5.2
Check: re-building of vignette outputs
Result: ERROR
Error(s) in re-building vignettes:
...
--- re-building ‘correlation-utils.Rmd’ using rmarkdown
--- finished re-building ‘correlation-utils.Rmd’
--- re-building ‘covidcast.Rmd’ using rmarkdown
Quitting from covidcast.Rmd:37-45 [unnamed-chunk-1]
~~~~~~~~~~~~~~~~~~~~~~~~~~~~~~~~~~~~~~~~~~~~~~~~~~~~~~~~~~~~~~~~~~~~~~~~~~~~~~~~
<error/rlang_error>
Error in `curl::curl_fetch_memory()`:
! Timeout was reached [api.covidcast.cmu.edu]:
Resolving timed out after 10001 milliseconds
---
Backtrace:
▆
1. ├─covidcast::covidcast_signal(...)
2. │ └─covidcast:::specific_meta(data_source, signal, geo_type, time_type)
3. │ └─covidcast::covidcast_meta()
4. │ └─covidcast:::.request_meta()
5. │ └─covidcast:::.request(...)
6. │ └─httr::GET(url, user_agent, headers, query = params)
7. │ └─httr:::request_perform(req, hu$handle$handle)
8. │ ├─httr:::request_fetch(req$output, req$url, handle)
9. │ └─httr:::request_fetch.write_memory(req$output, req$url, handle)
10. │ └─curl::curl_fetch_memory(url, handle = handle)
11. └─curl:::raise_libcurl_error(...)
~~~~~~~~~~~~~~~~~~~~~~~~~~~~~~~~~~~~~~~~~~~~~~~~~~~~~~~~~~~~~~~~~~~~~~~~~~~~~~~~
Error: processing vignette 'covidcast.Rmd' failed with diagnostics:
Timeout was reached [api.covidcast.cmu.edu]:
Resolving timed out after 10001 milliseconds
--- failed re-building ‘covidcast.Rmd’
--- re-building ‘external-data.Rmd’ using rmarkdown
--- finished re-building ‘external-data.Rmd’
--- re-building ‘multi-signals.Rmd’ using rmarkdown
--- finished re-building ‘multi-signals.Rmd’
--- re-building ‘plotting-signals.Rmd’ using rmarkdown
--- finished re-building ‘plotting-signals.Rmd’
SUMMARY: processing the following file failed:
‘covidcast.Rmd’
Error: Vignette re-building failed.
Execution halted
Flavor: r-devel-linux-x86_64-debian-gcc