Last updated on 2025-05-14 02:50:10 CEST.
Flavor | Version | Tinstall | Tcheck | Ttotal | Status | Flags |
---|---|---|---|---|---|---|
r-devel-linux-x86_64-debian-clang | 2.0.5 | 3.68 | 32.68 | 36.36 | NOTE | |
r-devel-linux-x86_64-debian-gcc | 2.0.5 | 2.45 | 25.39 | 27.84 | NOTE | |
r-devel-linux-x86_64-fedora-clang | 2.0.5 | 54.23 | OK | |||
r-devel-linux-x86_64-fedora-gcc | 2.0.5 | 48.84 | OK | |||
r-devel-windows-x86_64 | 2.0.5 | 4.00 | 49.00 | 53.00 | OK | |
r-patched-linux-x86_64 | 2.0.5 | 3.69 | 28.32 | 32.01 | OK | |
r-release-linux-x86_64 | 2.0.5 | 3.42 | 28.26 | 31.68 | OK | |
r-release-macos-arm64 | 2.0.5 | 19.00 | OK | |||
r-release-macos-x86_64 | 2.0.5 | 33.00 | OK | |||
r-release-windows-x86_64 | 2.0.5 | 5.00 | 51.00 | 56.00 | OK | |
r-oldrel-macos-arm64 | 2.0.5 | 20.00 | OK | |||
r-oldrel-macos-x86_64 | 2.0.5 | 31.00 | OK | |||
r-oldrel-windows-x86_64 | 2.0.5 | 6.00 | 55.00 | 61.00 | OK |
Version: 2.0.5
Check: CRAN incoming feasibility
Result: NOTE
Maintainer: ‘Francois Ritter <ritter.francois@gmail.com>’
Package CITATION file contains call(s) to old-style citEntry(). Please
use bibentry() instead.
Flavors: r-devel-linux-x86_64-debian-clang, r-devel-linux-x86_64-debian-gcc