Last updated on 2025-05-14 02:50:10 CEST.
Flavor | Version | Tinstall | Tcheck | Ttotal | Status | Flags |
---|---|---|---|---|---|---|
r-devel-linux-x86_64-debian-clang | 0.1.0 | 5.88 | 51.32 | 57.20 | NOTE | |
r-devel-linux-x86_64-debian-gcc | 0.1.0 | 3.53 | 37.42 | 40.95 | NOTE | |
r-devel-linux-x86_64-fedora-clang | 0.1.0 | 85.67 | NOTE | |||
r-devel-linux-x86_64-fedora-gcc | 0.1.0 | 82.28 | NOTE | |||
r-devel-windows-x86_64 | 0.1.0 | 7.00 | 66.00 | 73.00 | NOTE | |
r-patched-linux-x86_64 | 0.1.0 | 5.22 | 46.28 | 51.50 | NOTE | |
r-release-linux-x86_64 | 0.1.0 | 5.32 | 46.19 | 51.51 | NOTE | |
r-release-macos-arm64 | 0.1.0 | 27.00 | NOTE | |||
r-release-macos-x86_64 | 0.1.0 | 45.00 | NOTE | |||
r-release-windows-x86_64 | 0.1.0 | 7.00 | 67.00 | 74.00 | NOTE | |
r-oldrel-macos-arm64 | 0.1.0 | 27.00 | NOTE | |||
r-oldrel-macos-x86_64 | 0.1.0 | 38.00 | NOTE | |||
r-oldrel-windows-x86_64 | 0.1.0 | 10.00 | 79.00 | 89.00 | NOTE |
Version: 0.1.0
Check: Rd files
Result: NOTE
checkRd: (-1) fit.Rd:37: Lost braces in \itemize; meant \describe ?
checkRd: (-1) fit.Rd:38: Lost braces in \itemize; meant \describe ?
checkRd: (-1) fit.Rd:39: Lost braces in \itemize; meant \describe ?
Flavors: r-devel-linux-x86_64-debian-clang, r-devel-linux-x86_64-debian-gcc, r-devel-linux-x86_64-fedora-clang, r-devel-linux-x86_64-fedora-gcc, r-devel-windows-x86_64, r-patched-linux-x86_64, r-release-linux-x86_64, r-release-macos-arm64, r-release-macos-x86_64, r-release-windows-x86_64, r-oldrel-macos-arm64, r-oldrel-macos-x86_64, r-oldrel-windows-x86_64