Last updated on 2025-05-14 02:50:11 CEST.
Flavor | Version | Tinstall | Tcheck | Ttotal | Status | Flags |
---|---|---|---|---|---|---|
r-devel-linux-x86_64-debian-clang | 1.114 | 18.42 | 221.55 | 239.97 | NOTE | |
r-devel-linux-x86_64-debian-gcc | 1.114 | 13.45 | 153.72 | 167.17 | NOTE | |
r-devel-linux-x86_64-fedora-clang | 1.114 | 369.65 | OK | |||
r-devel-linux-x86_64-fedora-gcc | 1.114 | 380.25 | OK | |||
r-devel-windows-x86_64 | 1.114 | 21.00 | 214.00 | 235.00 | NOTE | |
r-patched-linux-x86_64 | 1.114 | 22.26 | 205.42 | 227.68 | NOTE | |
r-release-linux-x86_64 | 1.114 | 17.07 | 204.46 | 221.53 | NOTE | |
r-release-macos-arm64 | 1.114 | 99.00 | OK | |||
r-release-macos-x86_64 | 1.114 | 168.00 | OK | |||
r-release-windows-x86_64 | 1.114 | 21.00 | 210.00 | 231.00 | NOTE | |
r-oldrel-macos-arm64 | 1.114 | 69.00 | OK | |||
r-oldrel-macos-x86_64 | 1.114 | 139.00 | OK | |||
r-oldrel-windows-x86_64 | 1.114 | 25.00 | 268.00 | 293.00 | OK |
Version: 1.114
Check: Rd cross-references
Result: NOTE
Found the following Rd file(s) with Rd \link{} targets missing package
anchors:
plot_cashflow.Rd: ggplot2
Please provide package anchors for all Rd \link{} targets not in the
package itself and the base packages.
Flavors: r-devel-linux-x86_64-debian-clang, r-devel-linux-x86_64-debian-gcc, r-devel-windows-x86_64, r-patched-linux-x86_64, r-release-linux-x86_64, r-release-windows-x86_64