CRAN Package Check Results for Package diagram

Last updated on 2025-07-02 02:54:28 CEST.

Flavor Version Tinstall Tcheck Ttotal Status Flags
r-devel-linux-x86_64-debian-clang 1.6.5 3.28 39.81 43.09 NOTE
r-devel-linux-x86_64-debian-gcc 1.6.5 2.39 30.71 33.10 NOTE
r-devel-linux-x86_64-fedora-clang 1.6.5 67.86 OK
r-devel-linux-x86_64-fedora-gcc 1.6.5 77.74 OK
r-devel-windows-x86_64 1.6.5 5.00 92.00 97.00 OK
r-patched-linux-x86_64 OK
r-release-linux-x86_64 1.6.5 3.32 37.75 41.07 OK
r-release-macos-arm64 1.6.5 31.00 OK
r-release-macos-x86_64 1.6.5 59.00 OK
r-release-windows-x86_64 1.6.5 5.00 95.00 100.00 OK
r-oldrel-macos-arm64 1.6.5 32.00 OK
r-oldrel-macos-x86_64 1.6.5 45.00 OK
r-oldrel-windows-x86_64 1.6.5 4.00 90.00 94.00 OK

Check Details

Version: 1.6.5
Check: CRAN incoming feasibility
Result: NOTE Maintainer: ‘Karline Soetaert <karline.soetaert@nioz.nl>’ No Authors@R field in DESCRIPTION. Please add one, modifying Authors@R: person(given = "Karline", family = "Soetaert", role = c("aut", "cre"), email = "karline.soetaert@nioz.nl") as necessary. Flavors: r-devel-linux-x86_64-debian-clang, r-devel-linux-x86_64-debian-gcc