Last updated on 2025-05-14 02:50:11 CEST.
Flavor | Version | Tinstall | Tcheck | Ttotal | Status | Flags |
---|---|---|---|---|---|---|
r-devel-linux-x86_64-debian-clang | 0.4.1 | 2.44 | 42.85 | 45.29 | OK | |
r-devel-linux-x86_64-debian-gcc | 0.4.1 | 1.58 | 34.88 | 36.46 | OK | |
r-devel-linux-x86_64-fedora-clang | 0.4.1 | 71.20 | OK | |||
r-devel-linux-x86_64-fedora-gcc | 0.4.1 | 85.94 | OK | |||
r-devel-windows-x86_64 | 0.4.1 | 5.00 | 62.00 | 67.00 | OK | |
r-patched-linux-x86_64 | 0.4.1 | 2.69 | 39.90 | 42.59 | OK | |
r-release-linux-x86_64 | 0.4.1 | 2.35 | 39.34 | 41.69 | OK | |
r-release-macos-arm64 | 0.4.1 | 35.00 | OK | |||
r-release-macos-x86_64 | 0.4.1 | 62.00 | OK | |||
r-release-windows-x86_64 | 0.4.1 | 5.00 | 63.00 | 68.00 | OK | |
r-oldrel-macos-arm64 | 0.4.1 | 38.00 | NOTE | |||
r-oldrel-macos-x86_64 | 0.4.1 | 56.00 | NOTE | |||
r-oldrel-windows-x86_64 | 0.4.1 | 5.00 | 69.00 | 74.00 | NOTE |
Version: 0.4.1
Check: installed package size
Result: NOTE
installed size is 5.4Mb
sub-directories of 1Mb or more:
assets 2.9Mb
doc 2.2Mb
Flavors: r-oldrel-macos-arm64, r-oldrel-macos-x86_64, r-oldrel-windows-x86_64