Last updated on 2025-05-14 02:50:12 CEST.
Flavor | Version | Tinstall | Tcheck | Ttotal | Status | Flags |
---|---|---|---|---|---|---|
r-devel-linux-x86_64-debian-clang | 0.1.3 | 4.34 | 39.44 | 43.78 | NOTE | |
r-devel-linux-x86_64-debian-gcc | 0.1.3 | 2.25 | 29.65 | 31.90 | NOTE | |
r-devel-linux-x86_64-fedora-clang | 0.1.4 | 66.53 | OK | |||
r-devel-linux-x86_64-fedora-gcc | 0.1.4 | 64.78 | OK | |||
r-devel-windows-x86_64 | 0.1.3 | 6.00 | 56.00 | 62.00 | NOTE | |
r-patched-linux-x86_64 | 0.1.3 | 4.38 | 36.57 | 40.95 | NOTE | |
r-release-linux-x86_64 | 0.1.3 | 4.05 | 36.45 | 40.50 | NOTE | |
r-release-macos-arm64 | 0.1.4 | 24.00 | OK | |||
r-release-macos-x86_64 | 0.1.3 | 41.00 | OK | |||
r-release-windows-x86_64 | 0.1.4 | 8.00 | 78.00 | 86.00 | OK | |
r-oldrel-macos-arm64 | 0.1.4 | 29.00 | OK | |||
r-oldrel-macos-x86_64 | 0.1.4 | 53.00 | OK | |||
r-oldrel-windows-x86_64 | 0.1.3 | 7.00 | 67.00 | 74.00 | OK |
Version: 0.1.3
Check: Rd cross-references
Result: NOTE
Found the following Rd file(s) with Rd \link{} targets missing package
anchors:
genkeys.Rd: openssl
Please provide package anchors for all Rd \link{} targets not in the
package itself and the base packages.
Flavors: r-devel-linux-x86_64-debian-clang, r-devel-linux-x86_64-debian-gcc, r-devel-windows-x86_64, r-patched-linux-x86_64, r-release-linux-x86_64
Version: 0.1.3
Check: for non-standard things in the check directory
Result: NOTE
Found the following files/directories:
‘file.path(temp_dir, gp2.csv)’
Flavors: r-devel-linux-x86_64-debian-clang, r-devel-linux-x86_64-debian-gcc, r-patched-linux-x86_64, r-release-linux-x86_64