Last updated on 2025-05-14 02:50:12 CEST.
Flavor | Version | Tinstall | Tcheck | Ttotal | Status | Flags |
---|---|---|---|---|---|---|
r-devel-linux-x86_64-debian-clang | 0.8.1.0 | 93.17 | 90.08 | 183.25 | NOTE | |
r-devel-linux-x86_64-debian-gcc | 0.8.1.0 | 75.97 | 61.57 | 137.54 | NOTE | |
r-devel-linux-x86_64-fedora-clang | 0.8.1.0 | 307.98 | OK | |||
r-devel-linux-x86_64-fedora-gcc | 0.8.1.0 | 398.58 | OK | |||
r-devel-windows-x86_64 | 0.8.1.0 | 104.00 | 127.00 | 231.00 | OK | |
r-patched-linux-x86_64 | 0.8.1.0 | 109.09 | 78.79 | 187.88 | OK | |
r-release-linux-x86_64 | 0.8.1.0 | 103.47 | 78.88 | 182.35 | OK | |
r-release-macos-arm64 | 0.8.2.0 | 114.00 | OK | |||
r-release-macos-x86_64 | 186.00 | WARN | ||||
r-release-windows-x86_64 | 0.8.2.0 | 97.00 | 134.00 | 231.00 | OK | |
r-oldrel-macos-arm64 | 0.8.2.0 | 104.00 | NOTE | |||
r-oldrel-macos-x86_64 | 0.8.2.0 | 176.00 | ERROR | |||
r-oldrel-windows-x86_64 | 0.8.1.0 | 93.00 | 150.00 | 243.00 | NOTE |
Version: 0.8.1.0
Check: DESCRIPTION meta-information
Result: NOTE
Author field differs from that derived from Authors@R
Author: ‘George Vega Yon [aut] (<https://orcid.org/0000-0002-3171-0844>), Derek Meyer [aut] (<https://orcid.org/0009-0005-1350-6988>), Andrew Pulsipher [aut, cre] (<https://orcid.org/0000-0002-0773-3210>), Susan Holmes [rev] (JOSS reviewer, <https://orcid.org/0000-0002-2208-8168>), Abinash Satapathy [rev] (JOSS reviewer, <https://orcid.org/0000-0002-2955-2744>), Carinogurjao [rev], Centers for Disease Control and Prevention [fnd] (Award number 1U01CK000585; 75D30121F00003)’
Authors@R: ‘George Vega Yon [aut] (ORCID: <https://orcid.org/0000-0002-3171-0844>), Derek Meyer [aut] (ORCID: <https://orcid.org/0009-0005-1350-6988>), Andrew Pulsipher [aut, cre] (ORCID: <https://orcid.org/0000-0002-0773-3210>), Susan Holmes [rev] (what: JOSS reviewer, ORCID: <https://orcid.org/0000-0002-2208-8168>), Abinash Satapathy [rev] (what: JOSS reviewer, ORCID: <https://orcid.org/0000-0002-2955-2744>), Carinogurjao [rev], Centers for Disease Control and Prevention [fnd] (Award number 1U01CK000585; 75D30121F00003)’
Flavors: r-devel-linux-x86_64-debian-clang, r-devel-linux-x86_64-debian-gcc
Version: 0.8.2.0
Check: Rd files
Result: WARN
cannot open the connection
cannot open the connection
ModelSEIRMixing.Rd: Sections \title, and \name must exist and be unique in Rd files
ModelSIR.Rd: Sections \title, and \name must exist and be unique in Rd files
ModelSIRCONN.Rd: Sections \title, and \name must exist and be unique in Rd files
ModelSIRD.Rd: Sections \title, and \name must exist and be unique in Rd files
ModelSIRDCONN.Rd: Sections \title, and \name must exist and be unique in Rd files
ModelSIRLogit.Rd: Sections \title, and \name must exist and be unique in Rd files
ModelSIRMixing.Rd: Sections \title, and \name must exist and be unique in Rd files
ModelSIS.Rd: Sections \title, and \name must exist and be unique in Rd files
ModelSISD.Rd: Sections \title, and \name must exist and be unique in Rd files
ModelSURV.Rd: Sections \title, and \name must exist and be unique in Rd files
agents.Rd: Sections \title, and \name must exist and be unique in Rd files
agents_smallworld.Rd: Sections \title, and \name must exist and be unique in Rd files
entities.Rd: Sections \title, and \name must exist and be unique in Rd files
Error writing to connection: No space left on device
Error writing to connection: No space left on device
epiworld-model-diagram.Rd: Sections \title, and \name must exist and be unique in Rd files
epiworldR-deprecated.Rd: Sections \title, and \name must exist and be unique in Rd files
epiworldR-package.Rd: Sections \title, and \name must exist and be unique in Rd files
Error writing to connection: No space left on device
run_multiple.Rd: Sections \title, and \name must exist and be unique in Rd files
Error writing to connection: No space left on device
Error writing to connection: No space left on device
problems found in ‘ModelSEIRD.Rd’, ‘ModelSEIRDCONN.Rd’, ‘ModelSEIRMixing.Rd’, ‘ModelSIR.Rd’, ‘ModelSIRCONN.Rd’, ‘ModelSIRD.Rd’, ‘ModelSIRDCONN.Rd’, ‘ModelSIRLogit.Rd’, ‘ModelSIRMixing.Rd’, ‘ModelSIS.Rd’, ‘ModelSISD.Rd’, ‘ModelSURV.Rd’, ‘agents.Rd’, ‘agents_smallworld.Rd’, ‘entities.Rd’, ‘epiworld-data.Rd’, ‘epiworld-methods.Rd’, ‘epiworld-model-diagram.Rd’, ‘epiworldR-deprecated.Rd’, ‘epiworldR-package.Rd’, ‘global-events.Rd’, ‘run_multiple.Rd’, ‘tool.Rd’, ‘virus.Rd’
Flavor: r-release-macos-x86_64
Version: 0.8.2.0
Check: installed package size
Result: NOTE
installed size is 19.4Mb
sub-directories of 1Mb or more:
doc 1.9Mb
libs 15.6Mb
Flavors: r-oldrel-macos-arm64, r-oldrel-macos-x86_64
Version: 0.8.2.0
Check: re-building of vignette outputs
Result: ERROR
Error(s) in re-building vignettes:
Error in saveRDS(list(base = base, value = ret0), dest) :
error writing to connection
Calls: <Anonymous> -> rownames -> %||% -> <Anonymous> -> saveRDS
Execution halted
Flavor: r-oldrel-macos-x86_64
Version: 0.8.1.0
Check: installed package size
Result: NOTE
installed size is 6.0Mb
sub-directories of 1Mb or more:
doc 1.9Mb
libs 2.0Mb
Flavor: r-oldrel-windows-x86_64