CRAN Package Check Results for Package frequentdirections

Last updated on 2025-07-02 02:54:30 CEST.

Flavor Version Tinstall Tcheck Ttotal Status Flags
r-devel-linux-x86_64-debian-clang 0.1.0 1.59 22.82 24.41 OK
r-devel-linux-x86_64-debian-gcc 0.1.0 1.43 18.68 20.11 OK
r-devel-linux-x86_64-fedora-clang 0.1.0 36.37 OK
r-devel-linux-x86_64-fedora-gcc 0.1.0 35.75 OK
r-devel-windows-x86_64 0.1.0 4.00 43.00 47.00 OK
r-patched-linux-x86_64 OK
r-release-linux-x86_64 0.1.0 1.55 20.39 21.94 OK
r-release-macos-arm64 0.1.0 25.00 OK
r-release-macos-x86_64 0.1.0 26.00 OK
r-release-windows-x86_64 0.1.0 3.00 44.00 47.00 OK
r-oldrel-macos-arm64 0.1.0 16.00 NOTE
r-oldrel-macos-x86_64 0.1.0 24.00 NOTE
r-oldrel-windows-x86_64 0.1.0 4.00 47.00 51.00 NOTE

Check Details

Version: 0.1.0
Check: LazyData
Result: NOTE 'LazyData' is specified without a 'data' directory Flavors: r-oldrel-macos-arm64, r-oldrel-macos-x86_64, r-oldrel-windows-x86_64