Last updated on 2025-05-14 02:50:13 CEST.
Flavor | Version | Tinstall | Tcheck | Ttotal | Status | Flags |
---|---|---|---|---|---|---|
r-devel-linux-x86_64-debian-clang | 2.0.0 | 5.48 | 44.15 | 49.63 | OK | |
r-devel-linux-x86_64-debian-gcc | 2.0.0 | 4.35 | 34.34 | 38.69 | OK | |
r-devel-linux-x86_64-fedora-clang | 2.0.0 | 74.18 | OK | |||
r-devel-linux-x86_64-fedora-gcc | 2.0.0 | 76.73 | OK | |||
r-devel-windows-x86_64 | 2.0.0 | 7.00 | 57.00 | 64.00 | OK | |
r-patched-linux-x86_64 | 2.0.0 | 4.73 | 42.04 | 46.77 | OK | |
r-release-linux-x86_64 | 2.0.0 | 4.83 | 41.49 | 46.32 | OK | |
r-release-macos-arm64 | 2.0.0 | 30.00 | OK | |||
r-release-macos-x86_64 | 2.0.0 | 42.00 | OK | |||
r-release-windows-x86_64 | 2.0.0 | 7.00 | 58.00 | 65.00 | OK | |
r-oldrel-macos-arm64 | 2.0.0 | 24.00 | NOTE | |||
r-oldrel-macos-x86_64 | 2.0.0 | 36.00 | NOTE | |||
r-oldrel-windows-x86_64 | 2.0.0 | 9.00 | 67.00 | 76.00 | NOTE |
Version: 2.0.0
Check: LazyData
Result: NOTE
'LazyData' is specified without a 'data' directory
Flavors: r-oldrel-macos-arm64, r-oldrel-macos-x86_64, r-oldrel-windows-x86_64