Last updated on 2025-05-14 02:50:14 CEST.
Flavor | Version | Tinstall | Tcheck | Ttotal | Status | Flags |
---|---|---|---|---|---|---|
r-devel-linux-x86_64-debian-clang | 0.1.1 | 6.98 | 56.47 | 63.45 | NOTE | |
r-devel-linux-x86_64-debian-gcc | 0.1.1 | 3.74 | 41.41 | 45.15 | NOTE | |
r-devel-linux-x86_64-fedora-clang | 0.1.1 | 100.21 | NOTE | |||
r-devel-linux-x86_64-fedora-gcc | 0.1.1 | 100.43 | NOTE | |||
r-devel-windows-x86_64 | 0.1.1 | 8.00 | 68.00 | 76.00 | NOTE | |
r-patched-linux-x86_64 | 0.1.1 | 6.60 | 53.11 | 59.71 | NOTE | |
r-release-linux-x86_64 | 0.1.1 | 5.59 | 52.40 | 57.99 | NOTE | |
r-release-macos-arm64 | 0.1.2 | 43.00 | OK | |||
r-release-macos-x86_64 | 0.1.1 | 48.00 | NOTE | |||
r-release-windows-x86_64 | 0.1.2 | 15.00 | 92.00 | 107.00 | OK | |
r-oldrel-macos-arm64 | 0.1.2 | 46.00 | OK | |||
r-oldrel-macos-x86_64 | 0.1.1 | 43.00 | OK | |||
r-oldrel-windows-x86_64 | 0.1.1 | 11.00 | 82.00 | 93.00 | OK |
Version: 0.1.1
Check: DESCRIPTION meta-information
Result: NOTE
Missing dependency on R >= 4.1.0 because package code uses the pipe
|> or function shorthand \(...) syntax added in R 4.1.0.
File(s) using such syntax:
‘Scatter_ridges_function.R’
Flavors: r-devel-linux-x86_64-debian-clang, r-devel-linux-x86_64-debian-gcc, r-devel-linux-x86_64-fedora-clang, r-devel-linux-x86_64-fedora-gcc, r-devel-windows-x86_64, r-patched-linux-x86_64, r-release-linux-x86_64, r-release-macos-x86_64