Last updated on 2025-05-14 02:50:15 CEST.
Flavor | Version | Tinstall | Tcheck | Ttotal | Status | Flags |
---|---|---|---|---|---|---|
r-devel-linux-x86_64-debian-clang | 0.1.1 | 2.84 | 47.72 | 50.56 | NOTE | |
r-devel-linux-x86_64-debian-gcc | 0.1.1 | 2.01 | 32.81 | 34.82 | NOTE | |
r-devel-linux-x86_64-fedora-clang | 0.1.1 | 81.13 | NOTE | |||
r-devel-linux-x86_64-fedora-gcc | 0.1.1 | 76.53 | NOTE | |||
r-devel-windows-x86_64 | 0.1.1 | 6.00 | 67.00 | 73.00 | NOTE | |
r-patched-linux-x86_64 | 0.1.1 | 2.40 | 44.89 | 47.29 | NOTE | |
r-release-linux-x86_64 | 0.1.1 | 2.32 | 44.55 | 46.87 | NOTE | |
r-release-macos-arm64 | 0.1.1 | 26.00 | NOTE | |||
r-release-macos-x86_64 | 0.1.1 | 45.00 | NOTE | |||
r-release-windows-x86_64 | 0.1.1 | 6.00 | 68.00 | 74.00 | NOTE | |
r-oldrel-macos-arm64 | 0.1.1 | 27.00 | OK | |||
r-oldrel-macos-x86_64 | 0.1.1 | 51.00 | OK | |||
r-oldrel-windows-x86_64 | 0.1.1 | 5.00 | 78.00 | 83.00 | OK |
Version: 0.1.1
Check: DESCRIPTION meta-information
Result: NOTE
Missing dependency on R >= 4.1.0 because package code uses the pipe
|> or function shorthand \(...) syntax added in R 4.1.0.
File(s) using such syntax:
‘rstar_glm.Rd’ ‘run_sim_rstar_glm.Rd’ ‘sim_rstar_glm.Rd’
Flavors: r-devel-linux-x86_64-debian-clang, r-devel-linux-x86_64-debian-gcc, r-devel-linux-x86_64-fedora-clang, r-devel-linux-x86_64-fedora-gcc, r-devel-windows-x86_64, r-patched-linux-x86_64, r-release-linux-x86_64, r-release-macos-arm64, r-release-macos-x86_64, r-release-windows-x86_64