CRAN Package Check Results for Package html5

Last updated on 2025-05-13 03:50:34 CEST.

Flavor Version Tinstall Tcheck Ttotal Status Flags
r-devel-linux-x86_64-debian-clang 1.0.2 3.11 33.96 37.07 NOTE
r-devel-linux-x86_64-debian-gcc 1.0.2 2.50 25.33 27.83 NOTE
r-devel-linux-x86_64-fedora-clang 1.0.2 57.46 OK
r-devel-linux-x86_64-fedora-gcc 1.0.2 55.50 OK
r-devel-windows-x86_64 1.0.2 5.00 73.00 78.00 OK
r-patched-linux-x86_64 1.0.2 5.20 31.47 36.67 OK
r-release-linux-x86_64 1.0.2 3.24 31.36 34.60 OK
r-release-macos-arm64 1.0.2 20.00 OK
r-release-macos-x86_64 1.0.2 40.00 OK
r-release-windows-x86_64 1.0.2 7.00 78.00 85.00 OK
r-oldrel-macos-arm64 1.0.2 23.00 OK
r-oldrel-macos-x86_64 1.0.2 32.00 OK
r-oldrel-windows-x86_64 1.0.2 5.00 68.00 73.00 OK

Check Details

Version: 1.0.2
Check: CRAN incoming feasibility
Result: NOTE Maintainer: ‘Timothy Conwell <timconwell@gmail.com>’ No Authors@R field in DESCRIPTION. Please add one, modifying Authors@R: person(given = "Timothy", family = "Conwell", role = c("aut", "cre"), email = "timconwell@gmail.com") as necessary. Flavors: r-devel-linux-x86_64-debian-clang, r-devel-linux-x86_64-debian-gcc