Last updated on 2025-05-14 02:50:15 CEST.
Flavor | Version | Tinstall | Tcheck | Ttotal | Status | Flags |
---|---|---|---|---|---|---|
r-devel-linux-x86_64-debian-clang | 1.0.3 | 470.16 | 170.55 | 640.71 | OK | |
r-devel-linux-x86_64-debian-gcc | 1.0.3 | 448.92 | 124.39 | 573.31 | OK | |
r-devel-linux-x86_64-fedora-clang | 1.0.3 | 1041.21 | OK | |||
r-devel-linux-x86_64-fedora-gcc | 1.0.3 | 1759.96 | OK | |||
r-devel-windows-x86_64 | 1.0.3 | 610.00 | 265.00 | 875.00 | OK | |
r-patched-linux-x86_64 | 1.0.3 | 645.82 | 164.91 | 810.73 | OK | |
r-release-linux-x86_64 | 1.0.3 | 633.25 | 165.60 | 798.85 | OK | |
r-release-macos-arm64 | 1.0.3 | 221.00 | OK | |||
r-release-macos-x86_64 | 1.0.3 | 423.00 | OK | |||
r-release-windows-x86_64 | 1.0.3 | 618.00 | 262.00 | 880.00 | OK | |
r-oldrel-macos-arm64 | 1.0.3 | 185.00 | NOTE | |||
r-oldrel-macos-x86_64 | 1.0.3 | 313.00 | NOTE | |||
r-oldrel-windows-x86_64 | 1.0.3 | 727.00 | 331.00 | 1058.00 | NOTE |
Version: 1.0.3
Check: installed package size
Result: NOTE
installed size is 34.1Mb
sub-directories of 1Mb or more:
data 1.4Mb
doc 3.7Mb
extdata 1.0Mb
include 3.3Mb
libs 24.0Mb
Flavors: r-oldrel-macos-arm64, r-oldrel-macos-x86_64, r-oldrel-windows-x86_64