CRAN Package Check Results for Package irtGUI

Last updated on 2025-05-14 02:50:16 CEST.

Flavor Version Tinstall Tcheck Ttotal Status Flags
r-devel-linux-x86_64-debian-clang 0.2 13.23 92.00 105.23 NOTE
r-devel-linux-x86_64-debian-gcc 0.2 9.43 67.43 76.86 NOTE
r-devel-linux-x86_64-fedora-clang 0.2 162.35 OK
r-devel-linux-x86_64-fedora-gcc 0.2 156.84 OK
r-devel-windows-x86_64 0.2 13.00 98.00 111.00 OK
r-patched-linux-x86_64 0.2 11.94 86.66 98.60 OK
r-release-linux-x86_64 0.2 10.61 87.52 98.13 OK
r-release-macos-arm64 0.2 46.00 OK
r-release-macos-x86_64 0.2 86.00 OK
r-release-windows-x86_64 0.2 15.00 97.00 112.00 OK
r-oldrel-macos-arm64 0.2 39.00 NOTE
r-oldrel-macos-x86_64 0.2 61.00 NOTE
r-oldrel-windows-x86_64 0.2 17.00 123.00 140.00 NOTE

Check Details

Version: 0.2
Check: CRAN incoming feasibility
Result: NOTE Maintainer: ‘Huseyin Yildiz <huseyinyildiz35@gmail.com>’ No Authors@R field in DESCRIPTION. Please add one, modifying Authors@R: person(given = "Huseyin", family = "Yildiz", role = c("aut", "cre"), email = "huseyinyildiz35@gmail.com") as necessary. Flavors: r-devel-linux-x86_64-debian-clang, r-devel-linux-x86_64-debian-gcc

Version: 0.2
Check: LazyData
Result: NOTE 'LazyData' is specified without a 'data' directory Flavors: r-oldrel-macos-arm64, r-oldrel-macos-x86_64, r-oldrel-windows-x86_64