Last updated on 2025-05-14 02:50:16 CEST.
Flavor | Version | Tinstall | Tcheck | Ttotal | Status | Flags |
---|---|---|---|---|---|---|
r-devel-linux-x86_64-debian-clang | 2.3.0 | 18.02 | 70.79 | 88.81 | NOTE | |
r-devel-linux-x86_64-debian-gcc | 2.3.0 | 12.75 | 48.59 | 61.34 | NOTE | |
r-devel-linux-x86_64-fedora-clang | 2.3.0 | 141.21 | OK | |||
r-devel-linux-x86_64-fedora-gcc | 2.3.0 | 135.86 | OK | |||
r-devel-windows-x86_64 | 2.3.0 | 21.00 | 95.00 | 116.00 | OK | |
r-patched-linux-x86_64 | 2.3.0 | 17.50 | 64.75 | 82.25 | OK | |
r-release-linux-x86_64 | 2.3.0 | 18.42 | 64.12 | 82.54 | OK | |
r-release-macos-arm64 | 2.3.0 | 44.00 | OK | |||
r-release-macos-x86_64 | 2.3.0 | 106.00 | OK | |||
r-release-windows-x86_64 | 2.3.0 | 23.00 | 97.00 | 120.00 | OK | |
r-oldrel-macos-arm64 | 2.3.0 | 41.00 | OK | |||
r-oldrel-macos-x86_64 | 2.3.0 | 62.00 | OK | |||
r-oldrel-windows-x86_64 | 2.3.0 | 26.00 | 124.00 | 150.00 | OK |
Version: 2.3.0
Check: CRAN incoming feasibility
Result: NOTE
Maintainer: ‘Arvid Sjolander <arvid.sjolander@ki.se>’
No Authors@R field in DESCRIPTION.
Please add one, modifying
Authors@R: c(person(given = "Arvid",
family = "Sjolander",
role = c("aut", "cre"),
email = "arvid.sjolander@ki.se"),
person(given = "Elisabeth",
family = "Dahlqwist",
role = "aut"),
person(given = "Torben",
family = "Martinussen",
role = "aut"))
as necessary.
Flavors: r-devel-linux-x86_64-debian-clang, r-devel-linux-x86_64-debian-gcc