Last updated on 2025-07-02 02:54:33 CEST.
Flavor | Version | Tinstall | Tcheck | Ttotal | Status | Flags |
---|---|---|---|---|---|---|
r-devel-linux-x86_64-debian-clang | 1.0.1 | 6.88 | 59.51 | 66.39 | NOTE | |
r-devel-linux-x86_64-debian-gcc | 1.0.1 | 4.90 | 45.33 | 50.23 | NOTE | |
r-devel-linux-x86_64-fedora-clang | 1.0.1 | 105.95 | OK | |||
r-devel-linux-x86_64-fedora-gcc | 1.0.1 | 105.32 | OK | |||
r-devel-windows-x86_64 | 1.0.1 | 8.00 | 94.00 | 102.00 | OK | |
r-patched-linux-x86_64 | OK | |||||
r-release-linux-x86_64 | 1.0.1 | 6.07 | 57.51 | 63.58 | OK | |
r-release-macos-arm64 | 1.0.1 | 54.00 | OK | |||
r-release-macos-x86_64 | 1.0.1 | 103.00 | OK | |||
r-release-windows-x86_64 | 1.0.1 | 7.00 | 93.00 | 100.00 | OK | |
r-oldrel-macos-arm64 | 1.0.1 | 44.00 | OK | |||
r-oldrel-macos-x86_64 | 1.0.1 | 70.00 | OK | |||
r-oldrel-windows-x86_64 | 1.0.1 | 9.00 | 117.00 | 126.00 | OK |
Version: 1.0.1
Check: CRAN incoming feasibility
Result: NOTE
Maintainer: ‘Xiang Lyu <xianglyu@berkeley.edu>’
The Description field contains
Nonparametric Additive Models”. arXiv preprint <arXiv:2105.11659>.
Please refer to arXiv e-prints via their arXiv DOI <doi:10.48550/arXiv.YYMM.NNNNN>.
Flavors: r-devel-linux-x86_64-debian-clang, r-devel-linux-x86_64-debian-gcc