CRAN Package Check Results for Package kokudosuuchi

Last updated on 2025-05-14 02:50:16 CEST.

Flavor Version Tinstall Tcheck Ttotal Status Flags
r-devel-linux-x86_64-debian-clang 1.0.0 2.81 28.14 30.95 OK
r-devel-linux-x86_64-debian-gcc 1.0.0 2.37 22.34 24.71 OK
r-devel-linux-x86_64-fedora-clang 1.0.0 47.69 OK
r-devel-linux-x86_64-fedora-gcc 1.0.0 45.84 OK
r-devel-windows-x86_64 1.0.0 5.00 48.00 53.00 OK
r-patched-linux-x86_64 1.0.0 2.38 26.40 28.78 OK
r-release-linux-x86_64 1.0.0 2.57 26.68 29.25 OK
r-release-macos-arm64 1.0.0 25.00 OK
r-release-macos-x86_64 1.0.0 39.00 OK
r-release-windows-x86_64 1.0.0 5.00 50.00 55.00 OK
r-oldrel-macos-arm64 1.0.0 20.00 NOTE
r-oldrel-macos-x86_64 1.0.0 27.00 NOTE
r-oldrel-windows-x86_64 1.0.0 6.00 52.00 58.00 NOTE

Check Details

Version: 1.0.0
Check: LazyData
Result: NOTE 'LazyData' is specified without a 'data' directory Flavors: r-oldrel-macos-arm64, r-oldrel-macos-x86_64, r-oldrel-windows-x86_64