Last updated on 2025-05-14 02:50:16 CEST.
Flavor | Version | Tinstall | Tcheck | Ttotal | Status | Flags |
---|---|---|---|---|---|---|
r-devel-linux-x86_64-debian-clang | 1.3.1 | 1.64 | 19.39 | 21.03 | NOTE | |
r-devel-linux-x86_64-debian-gcc | 1.3.1 | 1.31 | 15.54 | 16.85 | NOTE | |
r-devel-linux-x86_64-fedora-clang | 1.3.1 | 32.79 | OK | |||
r-devel-linux-x86_64-fedora-gcc | 1.3.1 | 31.16 | OK | |||
r-devel-windows-x86_64 | 1.3.1 | 2.00 | 46.00 | 48.00 | OK | |
r-patched-linux-x86_64 | 1.3.1 | 1.67 | 18.64 | 20.31 | OK | |
r-release-linux-x86_64 | 1.3.1 | 1.46 | 18.81 | 20.27 | OK | |
r-release-macos-arm64 | 1.3.1 | 17.00 | OK | |||
r-release-macos-x86_64 | 1.3.1 | 25.00 | OK | |||
r-release-windows-x86_64 | 1.3.1 | 3.00 | 46.00 | 49.00 | OK | |
r-oldrel-macos-arm64 | 1.3.1 | 15.00 | OK | |||
r-oldrel-macos-x86_64 | 1.3.1 | 21.00 | OK | |||
r-oldrel-windows-x86_64 | 1.3.1 | 3.00 | 48.00 | 51.00 | OK |
Version: 1.3.1
Check: CRAN incoming feasibility
Result: NOTE
Maintainer: ‘Carl Witthoft <cellocgw@gmail.com>’
No Authors@R field in DESCRIPTION.
Please add one, modifying
Authors@R: person(given = "Carl",
family = "Witthoft",
role = c("aut", "cre"),
email = "cellocgw@gmail.com")
as necessary.
Flavors: r-devel-linux-x86_64-debian-clang, r-devel-linux-x86_64-debian-gcc