Last updated on 2025-05-14 02:50:17 CEST.
Flavor | Version | Tinstall | Tcheck | Ttotal | Status | Flags |
---|---|---|---|---|---|---|
r-devel-linux-x86_64-debian-clang | 0.1.1 | 18.65 | 59.38 | 78.03 | NOTE | |
r-devel-linux-x86_64-debian-gcc | 0.1.1 | 12.99 | 45.22 | 58.21 | NOTE | |
r-devel-linux-x86_64-fedora-clang | 0.1.1 | 134.31 | NOTE | |||
r-devel-linux-x86_64-fedora-gcc | 0.1.1 | 141.04 | NOTE | |||
r-devel-windows-x86_64 | 0.1.1 | 23.00 | 91.00 | 114.00 | NOTE | |
r-patched-linux-x86_64 | 0.1.1 | 18.46 | 56.42 | 74.88 | NOTE | |
r-release-linux-x86_64 | 0.1.1 | 17.22 | 55.98 | 73.20 | NOTE | |
r-release-macos-arm64 | 0.1.1 | 54.00 | NOTE | |||
r-release-macos-x86_64 | 0.1.1 | 73.00 | NOTE | |||
r-release-windows-x86_64 | 0.1.1 | 25.00 | 93.00 | 118.00 | NOTE | |
r-oldrel-macos-arm64 | 0.1.1 | 50.00 | OK | |||
r-oldrel-macos-x86_64 | 0.1.1 | 72.00 | OK | |||
r-oldrel-windows-x86_64 | 0.1.1 | 29.00 | 110.00 | 139.00 | OK |
Version: 0.1.1
Check: DESCRIPTION meta-information
Result: NOTE
Missing dependency on R >= 4.1.0 because package code uses the pipe
|> or function shorthand \(...) syntax added in R 4.1.0.
File(s) using such syntax:
‘addCityShape.Rd’ ‘addProvinceShape.Rd’ ‘areaCalculator.R’
Flavors: r-devel-linux-x86_64-debian-clang, r-devel-linux-x86_64-debian-gcc, r-devel-linux-x86_64-fedora-clang, r-devel-linux-x86_64-fedora-gcc, r-devel-windows-x86_64, r-patched-linux-x86_64, r-release-linux-x86_64, r-release-macos-arm64, r-release-macos-x86_64, r-release-windows-x86_64