Last updated on 2025-05-14 02:50:17 CEST.
Flavor | Version | Tinstall | Tcheck | Ttotal | Status | Flags |
---|---|---|---|---|---|---|
r-devel-linux-x86_64-debian-clang | 2.0.3 | 69.18 | 917.27 | 986.45 | OK | |
r-devel-linux-x86_64-debian-gcc | 2.0.3 | 58.97 | 491.20 | 550.17 | OK | |
r-devel-linux-x86_64-fedora-clang | 2.0.3 | 1672.49 | OK | |||
r-devel-linux-x86_64-fedora-gcc | 2.0.3 | 1721.03 | OK | |||
r-devel-windows-x86_64 | 2.0.3 | 67.00 | 792.00 | 859.00 | OK | |
r-patched-linux-x86_64 | 2.0.3 | 78.48 | 870.86 | 949.34 | OK | |
r-release-linux-x86_64 | 2.0.3 | 78.34 | 874.83 | 953.17 | OK | |
r-release-macos-arm64 | 2.0.3 | 366.00 | OK | |||
r-release-macos-x86_64 | 2.0.3 | 1050.00 | OK | |||
r-release-windows-x86_64 | 2.0.3 | 71.00 | 785.00 | 856.00 | OK | |
r-oldrel-macos-arm64 | 2.0.3 | 335.00 | NOTE | |||
r-oldrel-macos-x86_64 | 2.0.3 | 1077.00 | NOTE | |||
r-oldrel-windows-x86_64 | 2.0.3 | 58.00 | 1069.00 | 1127.00 | OK |
Version: 2.0.3
Check: installed package size
Result: NOTE
installed size is 33.1Mb
sub-directories of 1Mb or more:
libs 32.3Mb
Flavors: r-oldrel-macos-arm64, r-oldrel-macos-x86_64