Last updated on 2025-05-14 02:50:17 CEST.
Flavor | Version | Tinstall | Tcheck | Ttotal | Status | Flags |
---|---|---|---|---|---|---|
r-devel-linux-x86_64-debian-clang | 0.0.1 | 1.51 | 18.52 | 20.03 | NOTE | |
r-devel-linux-x86_64-debian-gcc | 0.0.1 | 1.41 | 15.02 | 16.43 | NOTE | |
r-devel-linux-x86_64-fedora-clang | 0.0.1 | 30.58 | OK | |||
r-devel-linux-x86_64-fedora-gcc | 0.0.1 | 29.27 | OK | |||
r-devel-windows-x86_64 | 0.0.1 | 2.00 | 41.00 | 43.00 | OK | |
r-patched-linux-x86_64 | 0.0.1 | 1.60 | 17.43 | 19.03 | OK | |
r-release-linux-x86_64 | 0.0.1 | 1.39 | 17.41 | 18.80 | OK | |
r-release-macos-arm64 | 0.0.1 | 16.00 | OK | |||
r-release-macos-x86_64 | 0.0.1 | 33.00 | OK | |||
r-release-windows-x86_64 | 0.0.1 | 4.00 | 40.00 | 44.00 | OK | |
r-oldrel-macos-arm64 | 0.0.1 | 23.00 | OK | |||
r-oldrel-macos-x86_64 | 0.0.1 | 21.00 | OK | |||
r-oldrel-windows-x86_64 | 0.0.1 | 2.00 | 43.00 | 45.00 | OK |
Version: 0.0.1
Check: CRAN incoming feasibility
Result: NOTE
Maintainer: ‘Phillip Labuschagne <philliplab@gmail.com>’
No Authors@R field in DESCRIPTION.
Please add one, modifying
Authors@R: person(given = "Phillip",
family = "Labuschagne",
role = c("aut", "cre"),
email = "philliplab@gmail.com")
as necessary.
Flavors: r-devel-linux-x86_64-debian-clang, r-devel-linux-x86_64-debian-gcc