Last updated on 2025-05-14 02:50:17 CEST.
Flavor | Version | Tinstall | Tcheck | Ttotal | Status | Flags |
---|---|---|---|---|---|---|
r-devel-linux-x86_64-debian-clang | 0.2-14 | 62.63 | 51.06 | 113.69 | OK | |
r-devel-linux-x86_64-debian-gcc | 0.2-14 | 53.41 | 38.63 | 92.04 | OK | |
r-devel-linux-x86_64-fedora-clang | 0.2-14 | 191.52 | NOTE | |||
r-devel-linux-x86_64-fedora-gcc | 0.2-14 | 240.10 | NOTE | |||
r-devel-windows-x86_64 | 0.2-14 | 112.00 | 235.00 | 347.00 | OK | |
r-patched-linux-x86_64 | 0.2-14 | 71.06 | 49.12 | 120.18 | OK | |
r-release-linux-x86_64 | 0.2-14 | 68.99 | 49.15 | 118.14 | OK | |
r-release-macos-arm64 | 0.2-14 | 65.00 | OK | |||
r-release-macos-x86_64 | 0.2-14 | 89.00 | OK | |||
r-release-windows-x86_64 | 0.2-14 | 107.00 | 239.00 | 346.00 | OK | |
r-oldrel-macos-arm64 | 0.2-14 | 59.00 | NOTE | |||
r-oldrel-macos-x86_64 | 0.2-14 | 63.00 | NOTE | |||
r-oldrel-windows-x86_64 | 0.2-14 | 117.00 | 297.00 | 414.00 | NOTE |
Version: 0.2-14
Check: tests
Result: NOTE
Running ‘azimuth.R’
Comparing ‘azimuth.Rout’ to ‘azimuth.Rout.save’ ... OK
Running ‘dist.R’
Comparing ‘dist.Rout’ to ‘dist.Rout.save’ ... OK
Running ‘geod.R’
Comparing ‘geod.Rout’ to ‘geod.Rout.save’ ... OK
Running ‘perimeter.R’
Comparing ‘perimeter.Rout’ to ‘perimeter.Rout.save’ ...9c9
< [1] 176215.7 149266.8 199587.9 375136.8 263512.7
---
> [1] 176214.9 149265.4 199586.8 375137.8 263512.6
12c12
< [1] 176215.7 149266.8 199587.9 375136.8 263512.7
---
> [1] 176214.9 149265.4 199586.8 375137.8 263512.6
Running ‘testthat.R’
Comparing ‘testthat.Rout’ to ‘testthat.Rout.save’ ... OK
Running ‘twkb.R’
Comparing ‘twkb.Rout’ to ‘twkb.Rout.save’ ... OK
Flavors: r-devel-linux-x86_64-fedora-clang, r-devel-linux-x86_64-fedora-gcc
Version: 0.2-14
Check: installed package size
Result: NOTE
installed size is 24.4Mb
sub-directories of 1Mb or more:
libs 24.2Mb
Flavors: r-oldrel-macos-arm64, r-oldrel-macos-x86_64, r-oldrel-windows-x86_64