CRAN Package Check Results for Package mapcan

Last updated on 2025-05-14 02:50:18 CEST.

Flavor Version Tinstall Tcheck Ttotal Status Flags
r-devel-linux-x86_64-debian-clang 0.0.1 4.53 29.80 34.33 OK
r-devel-linux-x86_64-debian-gcc 0.0.1 3.52 23.52 27.04 OK
r-devel-linux-x86_64-fedora-clang 0.0.1 52.11 NOTE
r-devel-linux-x86_64-fedora-gcc 0.0.1 90.58 NOTE
r-devel-windows-x86_64 0.0.1 12.00 54.00 66.00 OK
r-patched-linux-x86_64 0.0.1 5.10 27.92 33.02 OK
r-release-linux-x86_64 0.0.1 4.50 27.49 31.99 OK
r-release-macos-arm64 0.0.1 43.00 OK
r-release-macos-x86_64 0.0.1 77.00 OK
r-release-windows-x86_64 0.0.1 11.00 57.00 68.00 OK
r-oldrel-macos-arm64 0.0.1 33.00 OK
r-oldrel-macos-x86_64 0.0.1 65.00 OK
r-oldrel-windows-x86_64 0.0.1 16.00 63.00 79.00 OK

Check Details

Version: 0.0.1
Check: dependencies in R code
Result: NOTE Namespace in Imports field not imported from: ‘dplyr’ All declared Imports should be used. Flavors: r-devel-linux-x86_64-fedora-clang, r-devel-linux-x86_64-fedora-gcc