CRAN Package Check Results for Package maplegend

Last updated on 2025-07-02 02:54:34 CEST.

Flavor Version Tinstall Tcheck Ttotal Status Flags
r-devel-linux-x86_64-debian-clang 0.2.0 2.88 25.28 28.16 NOTE
r-devel-linux-x86_64-debian-gcc 0.3.0 2.44 20.34 22.78 OK
r-devel-linux-x86_64-fedora-clang 0.2.0 42.47 NOTE
r-devel-linux-x86_64-fedora-gcc 0.3.0 41.66 OK
r-devel-windows-x86_64 0.3.0 7.00 59.00 66.00 OK
r-patched-linux-x86_64 NOTE
r-release-linux-x86_64 0.2.0 2.44 22.58 25.02 NOTE
r-release-macos-arm64 0.2.0 18.00 NOTE
r-release-macos-x86_64 0.3.0 47.00 OK
r-release-windows-x86_64 0.2.0 3.00 44.00 47.00 NOTE
r-oldrel-macos-arm64 0.2.0 19.00 OK
r-oldrel-macos-x86_64 0.3.0 45.00 OK
r-oldrel-windows-x86_64 0.2.0 5.00 47.00 52.00 OK

Check Details

Version: 0.2.0
Check: DESCRIPTION meta-information
Result: NOTE Missing dependency on R >= 4.1.0 because package code uses the pipe |> or function shorthand \(...) syntax added in R 4.1.0. File(s) using such syntax: ‘leg_comp.Rd’ ‘leg_draw.Rd’ Flavors: r-devel-linux-x86_64-debian-clang, r-devel-linux-x86_64-fedora-clang, r-patched-linux-x86_64, r-release-linux-x86_64, r-release-macos-arm64, r-release-windows-x86_64