Last updated on 2025-05-14 02:50:18 CEST.
Flavor | Version | Tinstall | Tcheck | Ttotal | Status | Flags |
---|---|---|---|---|---|---|
r-devel-linux-x86_64-debian-clang | 0.2.4 | 6.83 | 67.81 | 74.64 | OK | |
r-devel-linux-x86_64-debian-gcc | 0.2.4 | 4.12 | 48.22 | 52.34 | OK | |
r-devel-linux-x86_64-fedora-clang | 0.2.4 | 118.98 | OK | |||
r-devel-linux-x86_64-fedora-gcc | 0.2.4 | 128.92 | OK | |||
r-devel-windows-x86_64 | 0.2.4 | 6.00 | 78.00 | 84.00 | OK | |
r-patched-linux-x86_64 | 0.2.4 | 6.51 | 63.86 | 70.37 | OK | |
r-release-linux-x86_64 | 0.2.4 | 6.05 | 64.77 | 70.82 | OK | |
r-release-macos-arm64 | 0.2.4 | 40.00 | OK | |||
r-release-macos-x86_64 | 0.2.4 | 81.00 | OK | |||
r-release-windows-x86_64 | 0.2.4 | 9.00 | 85.00 | 94.00 | OK | |
r-oldrel-macos-arm64 | 0.2.4 | 44.00 | NOTE | |||
r-oldrel-macos-x86_64 | 0.2.4 | 61.00 | NOTE | |||
r-oldrel-windows-x86_64 | 0.2.4 | 8.00 | 108.00 | 116.00 | NOTE |
Version: 0.2.4
Check: LazyData
Result: NOTE
'LazyData' is specified without a 'data' directory
Flavors: r-oldrel-macos-arm64, r-oldrel-macos-x86_64, r-oldrel-windows-x86_64