Last updated on 2025-05-14 02:50:18 CEST.
Flavor | Version | Tinstall | Tcheck | Ttotal | Status | Flags |
---|---|---|---|---|---|---|
r-devel-linux-x86_64-debian-clang | 0.10.0 | 9.72 | 60.30 | 70.02 | NOTE | |
r-devel-linux-x86_64-debian-gcc | 0.10.0 | 6.28 | 43.45 | 49.73 | NOTE | |
r-devel-linux-x86_64-fedora-clang | 0.10.0 | 115.16 | OK | |||
r-devel-linux-x86_64-fedora-gcc | 0.10.0 | 107.50 | OK | |||
r-devel-windows-x86_64 | 0.10.0 | 12.00 | 75.00 | 87.00 | NOTE | |
r-patched-linux-x86_64 | 0.10.0 | 8.66 | 53.72 | 62.38 | NOTE | |
r-release-linux-x86_64 | 0.10.0 | 8.28 | 53.70 | 61.98 | NOTE | |
r-release-macos-arm64 | 0.10.0 | 37.00 | OK | |||
r-release-macos-x86_64 | 0.10.0 | 60.00 | OK | |||
r-release-windows-x86_64 | 0.10.0 | 13.00 | 76.00 | 89.00 | NOTE | |
r-oldrel-macos-arm64 | 0.10.0 | 31.00 | OK | |||
r-oldrel-macos-x86_64 | 0.10.0 | 54.00 | OK | |||
r-oldrel-windows-x86_64 | 0.10.0 | 17.00 | 93.00 | 110.00 | OK |
Version: 0.10.0
Check: Rd cross-references
Result: NOTE
Found the following Rd file(s) with Rd \link{} targets missing package
anchors:
read_arff.Rd: data.table, fread
Please provide package anchors for all Rd \link{} targets not in the
package itself and the base packages.
Flavors: r-devel-linux-x86_64-debian-clang, r-devel-linux-x86_64-debian-gcc, r-devel-windows-x86_64, r-patched-linux-x86_64, r-release-linux-x86_64, r-release-windows-x86_64