Last updated on 2025-07-02 02:54:35 CEST.
Flavor | Version | Tinstall | Tcheck | Ttotal | Status | Flags |
---|---|---|---|---|---|---|
r-devel-linux-x86_64-debian-clang | 0.3-1 | 3.70 | 35.05 | 38.75 | NOTE | |
r-devel-linux-x86_64-debian-gcc | 0.3-1 | 2.82 | 28.99 | 31.81 | NOTE | |
r-devel-linux-x86_64-fedora-clang | 0.3-1 | 60.89 | OK | |||
r-devel-linux-x86_64-fedora-gcc | 0.3-1 | 72.03 | OK | |||
r-devel-windows-x86_64 | 0.3-1 | 6.00 | 57.00 | 63.00 | OK | |
r-patched-linux-x86_64 | OK | |||||
r-release-linux-x86_64 | 0.3-1 | 3.17 | 33.51 | 36.68 | OK | |
r-release-macos-arm64 | 0.3-1 | 28.00 | OK | |||
r-release-macos-x86_64 | 0.3-1 | 50.00 | OK | |||
r-release-windows-x86_64 | 0.3-1 | 5.00 | 55.00 | 60.00 | OK | |
r-oldrel-macos-arm64 | 0.3-1 | 27.00 | OK | |||
r-oldrel-macos-x86_64 | 0.3-1 | 49.00 | OK | |||
r-oldrel-windows-x86_64 | 0.3-1 | 6.00 | 70.00 | 76.00 | OK |
Version: 0.3-1
Check: CRAN incoming feasibility
Result: NOTE
Maintainer: ‘Philip Pallmann <pallmannp@cardiff.ac.uk>’
Package CITATION file contains call(s) to old-style personList() or
as.personList(). Please use c() on person objects instead.
Package CITATION file contains call(s) to old-style citEntry(). Please
use bibentry() instead.
Flavors: r-devel-linux-x86_64-debian-clang, r-devel-linux-x86_64-debian-gcc