CRAN Package Check Results for Package nJira

Last updated on 2025-05-14 02:50:19 CEST.

Flavor Version Tinstall Tcheck Ttotal Status Flags
r-devel-linux-x86_64-debian-clang 0.1.1 3.23 27.81 31.04 OK
r-devel-linux-x86_64-debian-gcc 0.1.1 2.33 22.42 24.75 OK
r-devel-linux-x86_64-fedora-clang 0.1.1 47.29 NOTE
r-devel-linux-x86_64-fedora-gcc 0.1.1 46.45 NOTE
r-devel-windows-x86_64 0.1.1 5.00 55.00 60.00 OK
r-patched-linux-x86_64 0.1.1 2.85 25.84 28.69 OK
r-release-linux-x86_64 0.1.1 3.16 26.11 29.27 OK
r-release-macos-arm64 0.1.1 42.00 OK
r-release-macos-x86_64 0.1.1 52.00 OK
r-release-windows-x86_64 0.1.1 4.00 47.00 51.00 OK
r-oldrel-macos-arm64 0.1.1 37.00 NOTE
r-oldrel-macos-x86_64 0.1.1 47.00 NOTE
r-oldrel-windows-x86_64 0.1.1 6.00 61.00 67.00 NOTE

Check Details

Version: 0.1.1
Check: dependencies in R code
Result: NOTE Namespace in Imports field not imported from: ‘rjson’ All declared Imports should be used. Flavors: r-devel-linux-x86_64-fedora-clang, r-devel-linux-x86_64-fedora-gcc

Version: 0.1.1
Check: LazyData
Result: NOTE 'LazyData' is specified without a 'data' directory Flavors: r-oldrel-macos-arm64, r-oldrel-macos-x86_64, r-oldrel-windows-x86_64