CRAN Package Check Results for Package npbr

Last updated on 2025-05-14 02:50:20 CEST.

Flavor Version Tinstall Tcheck Ttotal Status Flags
r-devel-linux-x86_64-debian-clang 1.8 10.91 121.28 132.19 NOTE
r-devel-linux-x86_64-debian-gcc 1.8 6.89 90.53 97.42 NOTE
r-devel-linux-x86_64-fedora-clang 1.8 206.76 OK
r-devel-linux-x86_64-fedora-gcc 1.8 219.64 OK
r-devel-windows-x86_64 1.8 12.00 162.00 174.00 OK
r-patched-linux-x86_64 1.8 10.81 119.41 130.22 OK
r-release-linux-x86_64 1.8 9.23 117.73 126.96 OK
r-release-macos-arm64 1.8 69.00 OK
r-release-macos-x86_64 1.8 147.00 OK
r-release-windows-x86_64 1.8 14.00 162.00 176.00 OK
r-oldrel-macos-arm64 1.8 78.00 OK
r-oldrel-macos-x86_64 1.8 119.00 OK
r-oldrel-windows-x86_64 1.8 17.00 193.00 210.00 OK

Check Details

Version: 1.8
Check: CRAN incoming feasibility
Result: NOTE Maintainer: ‘Thibault Laurent <thibault.laurent@univ-tlse1.fr>’ No Authors@R field in DESCRIPTION. Please add one, modifying Authors@R: c(person(given = "Abdelaati", family = "Daouia", role = "aut", email = "Abdelaati.Daouia@tse-fr.eu"), person(given = "Thibault", family = "Laurent", role = c("aut", "cre"), email = "thibault.laurent@univ-tlse1.fr"), person(given = "Hohsuk", family = "Noh", role = "aut", email = "word5810@gmail.com")) as necessary. Flavors: r-devel-linux-x86_64-debian-clang, r-devel-linux-x86_64-debian-gcc