Last updated on 2025-05-14 02:50:20 CEST.
Flavor | Version | Tinstall | Tcheck | Ttotal | Status | Flags |
---|---|---|---|---|---|---|
r-devel-linux-x86_64-debian-clang | 1.10.0 | 62.75 | 39.40 | 102.15 | OK | |
r-devel-linux-x86_64-debian-gcc | 1.10.0 | 43.72 | 30.33 | 74.05 | OK | |
r-devel-linux-x86_64-fedora-clang | 1.10.0 | 179.55 | OK | |||
r-devel-linux-x86_64-fedora-gcc | 1.10.0 | 230.21 | OK | |||
r-devel-windows-x86_64 | 1.10.0 | 72.00 | 81.00 | 153.00 | OK | |
r-patched-linux-x86_64 | 1.10.0 | 62.15 | 38.13 | 100.28 | OK | |
r-release-linux-x86_64 | 1.10.0 | 64.11 | 38.39 | 102.50 | OK | |
r-release-macos-arm64 | 1.10.0 | 76.00 | OK | |||
r-release-macos-x86_64 | 1.10.0 | 138.00 | OK | |||
r-release-windows-x86_64 | 1.10.0 | 70.00 | 82.00 | 152.00 | OK | |
r-oldrel-macos-arm64 | 1.10.0 | 58.00 | NOTE | |||
r-oldrel-macos-x86_64 | 1.10.0 | 110.00 | NOTE | |||
r-oldrel-windows-x86_64 | 1.10.0 | 87.00 | 97.00 | 184.00 | OK |
Version: 1.10.0
Check: installed package size
Result: NOTE
installed size is 7.2Mb
sub-directories of 1Mb or more:
doc 1.1Mb
libs 5.8Mb
Flavors: r-oldrel-macos-arm64, r-oldrel-macos-x86_64