Last updated on 2025-05-14 02:50:20 CEST.
Flavor | Version | Tinstall | Tcheck | Ttotal | Status | Flags |
---|---|---|---|---|---|---|
r-devel-linux-x86_64-debian-clang | 1.9 | 7.69 | 30.82 | 38.51 | NOTE | |
r-devel-linux-x86_64-debian-gcc | 1.9 | 4.31 | 24.72 | 29.03 | NOTE | |
r-devel-linux-x86_64-fedora-clang | 1.9 | 61.68 | OK | |||
r-devel-linux-x86_64-fedora-gcc | 1.9 | 71.43 | OK | |||
r-devel-windows-x86_64 | 1.9 | 9.00 | 68.00 | 77.00 | OK | |
r-patched-linux-x86_64 | 1.9 | 5.89 | 30.17 | 36.06 | OK | |
r-release-linux-x86_64 | 1.9 | 5.30 | 29.74 | 35.04 | OK | |
r-release-macos-arm64 | 1.9 | 32.00 | OK | |||
r-release-macos-x86_64 | 1.9 | 90.00 | OK | |||
r-release-windows-x86_64 | 1.9 | 9.00 | 68.00 | 77.00 | OK | |
r-oldrel-macos-arm64 | 1.9 | 35.00 | OK | |||
r-oldrel-macos-x86_64 | 1.9 | 44.00 | OK | |||
r-oldrel-windows-x86_64 | 1.9 | 9.00 | 73.00 | 82.00 | OK |
Version: 1.9
Check: CRAN incoming feasibility
Result: NOTE
Maintainer: ‘Jing hua Zhao <jinghuazhao@hotmail.com>’
No Authors@R field in DESCRIPTION.
Please add one, modifying
Authors@R: c(person(given = c("Original", "by", "Joseph", "L."),
family = "Schafer",
role = "aut"),
person(given = c("Jing", "hua"),
family = "Zhao",
role = "cre",
email = "jinghuazhao@hotmail.com"))
as necessary.
Flavors: r-devel-linux-x86_64-debian-clang, r-devel-linux-x86_64-debian-gcc